Last updated on 2025-11-24 07:50:18 CET.
| Flavor | Version | Tinstall | Tcheck | Ttotal | Status | Flags |
|---|---|---|---|---|---|---|
| r-devel-linux-x86_64-debian-clang | 5.1.5 | 119.47 | 121.91 | 241.38 | OK | |
| r-devel-linux-x86_64-debian-gcc | 5.1.5 | 102.69 | 84.91 | 187.60 | OK | |
| r-devel-linux-x86_64-fedora-clang | 5.1.5 | 187.00 | 182.34 | 369.34 | OK | |
| r-patched-linux-x86_64 | 5.1.5 | 142.29 | 109.89 | 252.18 | OK | |
| r-release-linux-x86_64 | 5.1.5 | 133.67 | 110.38 | 244.05 | OK | |
| r-release-macos-arm64 | 5.1.4 | 51.00 | 0.00 | 51.00 | OK | |
| r-release-macos-x86_64 | 5.1.5 | 141.00 | 120.00 | 261.00 | OK | |
| r-oldrel-macos-arm64 | 5.1.5 | 25.00 | 30.00 | 55.00 | NOTE | |
| r-oldrel-macos-x86_64 | 5.1.5 | 140.00 | 120.00 | 260.00 | NOTE | |
| r-oldrel-windows-x86_64 | 5.1.5 | 120.00 | 207.00 | 327.00 | OK |
Version: 5.1.5
Check: installed package size
Result: NOTE
installed size is 21.5Mb
sub-directories of 1Mb or more:
libs 21.1Mb
Flavors: r-oldrel-macos-arm64, r-oldrel-macos-x86_64