Last updated on 2025-06-30 15:49:54 CEST.
Flavor | Version | Tinstall | Tcheck | Ttotal | Status | Flags |
---|---|---|---|---|---|---|
r-devel-linux-x86_64-debian-clang | 2.1.0 | 14.92 | 95.59 | 110.51 | OK | |
r-devel-linux-x86_64-debian-gcc | 2.1.0 | 9.63 | 66.65 | 76.28 | OK | |
r-devel-linux-x86_64-fedora-clang | 2.1.0 | 172.49 | OK | |||
r-devel-linux-x86_64-fedora-gcc | 2.1.0 | 188.49 | OK | |||
r-devel-windows-x86_64 | 2.1.0 | 21.00 | 118.00 | 139.00 | OK | |
r-patched-linux-x86_64 | OK | |||||
r-release-linux-x86_64 | 2.1.0 | 13.12 | 87.29 | 100.41 | OK | |
r-release-macos-arm64 | 2.1.0 | 59.00 | OK | |||
r-release-macos-x86_64 | 2.1.0 | 96.00 | OK | |||
r-release-windows-x86_64 | 2.1.0 | 19.00 | 114.00 | 133.00 | OK | |
r-oldrel-macos-arm64 | 2.1.0 | 37.00 | NOTE | |||
r-oldrel-macos-x86_64 | 2.1.0 | 76.00 | NOTE | |||
r-oldrel-windows-x86_64 | 2.1.0 | 26.00 | 152.00 | 178.00 | NOTE |
Version: 2.1.0
Check: installed package size
Result: NOTE
installed size is 7.9Mb
sub-directories of 1Mb or more:
data 1.1Mb
doc 1.4Mb
shinyapp 4.9Mb
Flavors: r-oldrel-macos-arm64, r-oldrel-macos-x86_64, r-oldrel-windows-x86_64