Last updated on 2025-05-03 22:50:12 CEST.
Flavor | Version | Tinstall | Tcheck | Ttotal | Status | Flags |
---|---|---|---|---|---|---|
r-devel-linux-x86_64-debian-clang | 0.21 | 1.55 | 17.02 | 18.57 | NOTE | |
r-devel-linux-x86_64-debian-gcc | 0.21 | 1.43 | 13.92 | 15.35 | NOTE | |
r-devel-linux-x86_64-fedora-clang | 0.21 | 29.13 | OK | |||
r-devel-linux-x86_64-fedora-gcc | 0.21 | 27.58 | OK | |||
r-devel-windows-x86_64 | 0.21 | 3.00 | 40.00 | 43.00 | OK | |
r-patched-linux-x86_64 | 0.21 | 1.79 | 16.39 | 18.18 | OK | |
r-release-linux-x86_64 | OK | |||||
r-release-macos-arm64 | 0.21 | 14.00 | OK | |||
r-release-macos-x86_64 | 0.21 | 23.00 | OK | |||
r-release-windows-x86_64 | 0.21 | 4.00 | 44.00 | 48.00 | OK | |
r-oldrel-macos-arm64 | 0.21 | 15.00 | OK | |||
r-oldrel-macos-x86_64 | 0.21 | 19.00 | OK | |||
r-oldrel-windows-x86_64 | 0.21 | 2.00 | 39.00 | 41.00 | OK |
Version: 0.21
Check: CRAN incoming feasibility
Result: NOTE
Maintainer: ‘Holger L. Kern <hkern@fsu.edu>’
No Authors@R field in DESCRIPTION.
Please add one, modifying
Authors@R: person(given = c("Holger", "L."),
family = "Kern",
role = c("aut", "cre"),
email = "hkern@fsu.edu")
as necessary.
Flavors: r-devel-linux-x86_64-debian-clang, r-devel-linux-x86_64-debian-gcc