Last updated on 2024-05-10 13:49:38 CEST.
Flavor | Version | Tinstall | Tcheck | Ttotal | Status | Flags |
---|---|---|---|---|---|---|
r-devel-linux-x86_64-debian-clang | 0.1.8 | 44.04 | 268.10 | 312.14 | OK | |
r-devel-linux-x86_64-debian-gcc | 0.1.8 | 37.21 | 195.60 | 232.81 | OK | |
r-devel-linux-x86_64-fedora-clang | 0.1.8 | 404.66 | OK | |||
r-devel-linux-x86_64-fedora-gcc | 0.1.8 | 498.61 | OK | |||
r-devel-windows-x86_64 | 0.1.8 | 33.00 | 180.00 | 213.00 | OK | |
r-patched-linux-x86_64 | 0.1.8 | 0.48 | 2.15 | 2.63 | ERROR | |
r-release-linux-x86_64 | 0.1.8 | 0.44 | 2.30 | 2.74 | ERROR | |
r-release-macos-arm64 | 0.1.8 | 96.00 | OK | |||
r-release-macos-x86_64 | 0.1.8 | 172.00 | OK | |||
r-release-windows-x86_64 | 0.1.8 | 35.00 | 175.00 | 210.00 | OK | |
r-oldrel-macos-arm64 | 0.1.8 | 93.00 | OK | |||
r-oldrel-macos-x86_64 | 0.1.8 | 151.00 | OK | |||
r-oldrel-windows-x86_64 | 0.1.8 | 42.00 | 232.00 | 274.00 | OK |
Version: 0.1.8
Check: package dependencies
Result: ERROR
Package required but not available: ‘tidySEM’
See section ‘The DESCRIPTION file’ in the ‘Writing R Extensions’
manual.
Flavors: r-patched-linux-x86_64, r-release-linux-x86_64