Last updated on 2025-06-30 15:49:53 CEST.
Flavor | Version | Tinstall | Tcheck | Ttotal | Status | Flags |
---|---|---|---|---|---|---|
r-devel-linux-x86_64-debian-clang | 2.3.4 | 6.19 | 130.46 | 136.65 | OK | |
r-devel-linux-x86_64-debian-gcc | 2.3.4 | 4.66 | 103.09 | 107.75 | OK | |
r-devel-linux-x86_64-fedora-clang | 2.3.4 | 189.37 | OK | |||
r-devel-linux-x86_64-fedora-gcc | 2.3.4 | 197.31 | OK | |||
r-devel-windows-x86_64 | 2.3.4 | 10.00 | 143.00 | 153.00 | OK | |
r-patched-linux-x86_64 | OK | |||||
r-release-linux-x86_64 | 2.3.4 | 5.78 | 124.84 | 130.62 | OK | |
r-release-macos-arm64 | 2.3.4 | 59.00 | OK | |||
r-release-macos-x86_64 | 2.3.4 | 120.00 | OK | |||
r-release-windows-x86_64 | 2.3.4 | 10.00 | 174.00 | 184.00 | OK | |
r-oldrel-macos-arm64 | 2.3.4 | 59.00 | NOTE | |||
r-oldrel-macos-x86_64 | 2.3.4 | 124.00 | NOTE | |||
r-oldrel-windows-x86_64 | 2.3.4 | 12.00 | 167.00 | 179.00 | NOTE |
Version: 2.3.4
Check: installed package size
Result: NOTE
installed size is 6.4Mb
sub-directories of 1Mb or more:
doc 5.4Mb
Flavors: r-oldrel-macos-arm64, r-oldrel-macos-x86_64, r-oldrel-windows-x86_64