CRAN Package Check Results for Package TensorPreAve

Last updated on 2025-07-01 13:50:10 CEST.

Flavor Version Tinstall Tcheck Ttotal Status Flags
r-devel-linux-x86_64-debian-clang 1.1.0 2.88 57.86 60.74 NOTE
r-devel-linux-x86_64-debian-gcc 1.1.0 2.16 46.37 48.53 NOTE
r-devel-linux-x86_64-fedora-clang 1.1.0 95.46 OK
r-devel-linux-x86_64-fedora-gcc 1.1.0 103.47 OK
r-devel-windows-x86_64 1.1.0 5.00 77.00 82.00 OK
r-patched-linux-x86_64 OK
r-release-linux-x86_64 1.1.0 2.97 61.81 64.78 OK
r-release-macos-arm64 1.1.0 62.00 OK
r-release-macos-x86_64 1.1.0 99.00 OK
r-release-windows-x86_64 1.1.0 4.00 126.00 130.00 OK
r-oldrel-macos-arm64 1.1.0 53.00 OK
r-oldrel-macos-x86_64 1.1.0 69.00 OK
r-oldrel-windows-x86_64 1.1.0 4.00 96.00 100.00 OK

Check Details

Version: 1.1.0
Check: CRAN incoming feasibility
Result: NOTE Maintainer: ‘Weilin Chen <w.chen56@lse.ac.uk>’ The Description field contains projected data. See Chen and Lam (2023) <arXiv:2208.04012> for more Please refer to arXiv e-prints via their arXiv DOI <doi:10.48550/arXiv.YYMM.NNNNN>. Flavors: r-devel-linux-x86_64-debian-clang, r-devel-linux-x86_64-debian-gcc