Last updated on 2024-05-11 12:48:19 CEST.
Flavor | Version | Tinstall | Tcheck | Ttotal | Status | Flags |
---|---|---|---|---|---|---|
r-devel-linux-x86_64-debian-clang | 0.1.7 | 10.39 | 94.92 | 105.31 | OK | |
r-devel-linux-x86_64-debian-gcc | 0.1.7 | 8.15 | 69.44 | 77.59 | OK | |
r-devel-linux-x86_64-fedora-clang | 0.1.7 | 132.52 | NOTE | |||
r-devel-linux-x86_64-fedora-gcc | 0.1.7 | 145.97 | NOTE | |||
r-devel-windows-x86_64 | 0.1.7 | 9.00 | 209.00 | 218.00 | OK | |
r-patched-linux-x86_64 | 0.1.7 | 7.75 | 92.66 | 100.41 | OK | |
r-release-linux-x86_64 | 0.1.7 | 6.83 | 92.82 | 99.65 | OK | |
r-release-macos-arm64 | 0.1.7 | 41.00 | OK | |||
r-release-windows-x86_64 | 0.1.7 | 10.00 | 213.00 | 223.00 | OK | |
r-oldrel-macos-arm64 | 0.1.7 | 41.00 | OK | |||
r-oldrel-macos-x86_64 | 0.1.7 | 98.00 | OK | |||
r-oldrel-windows-x86_64 | 0.1.7 | 12.00 | 222.00 | 234.00 | OK |
Version: 0.1.7
Check: dependencies in R code
Result: NOTE
Namespace in Imports field not imported from: ‘forecastHybrid’
All declared Imports should be used.
Flavors: r-devel-linux-x86_64-fedora-clang, r-devel-linux-x86_64-fedora-gcc