Last updated on 2025-02-21 13:51:05 CET.
Flavor | Version | Tinstall | Tcheck | Ttotal | Status | Flags |
---|---|---|---|---|---|---|
r-devel-linux-x86_64-debian-clang | 1.3.1 | 11.61 | 93.30 | 104.91 | NOTE | |
r-devel-linux-x86_64-debian-gcc | 1.3.1 | 6.15 | 68.39 | 74.54 | NOTE | |
r-devel-linux-x86_64-fedora-clang | 1.3.1 | 178.71 | NOTE | |||
r-devel-linux-x86_64-fedora-gcc | 1.3.1 | 156.52 | NOTE | |||
r-devel-macos-arm64 | 1.3.1 | 51.00 | NOTE | |||
r-devel-macos-x86_64 | 1.3.1 | 110.00 | NOTE | |||
r-devel-windows-x86_64 | 1.3.1 | 13.00 | 129.00 | 142.00 | NOTE | |
r-patched-linux-x86_64 | 1.3.1 | 11.14 | 89.25 | 100.39 | NOTE | |
r-release-linux-x86_64 | 1.3.1 | 10.09 | 88.25 | 98.34 | NOTE | |
r-release-macos-arm64 | 1.3.1 | 50.00 | NOTE | |||
r-release-macos-x86_64 | 1.3.1 | 91.00 | NOTE | |||
r-release-windows-x86_64 | 1.3.1 | 15.00 | 281.00 | 296.00 | NOTE | |
r-oldrel-macos-arm64 | 1.3.1 | 52.00 | OK | |||
r-oldrel-macos-x86_64 | 1.3.1 | 84.00 | OK | |||
r-oldrel-windows-x86_64 | 1.3.1 | 18.00 | 173.00 | 191.00 | OK |
Version: 1.3.1
Check: Rd files
Result: NOTE
checkRd: (-1) summary.armasubsets.Rd:16: Lost braces
16 | \item{matrix.logical}{With matrix=TRUE, the matrix is logical TRUE/FALSE or string "*"/code{" "}}
| ^
Flavors: r-devel-linux-x86_64-debian-clang, r-devel-linux-x86_64-debian-gcc, r-devel-linux-x86_64-fedora-clang, r-devel-linux-x86_64-fedora-gcc, r-devel-macos-arm64, r-devel-macos-x86_64, r-devel-windows-x86_64, r-patched-linux-x86_64, r-release-linux-x86_64, r-release-macos-arm64, r-release-macos-x86_64, r-release-windows-x86_64
Version: 1.3.1
Check: dependencies in R code
Result: NOTE
Namespace in Imports field not imported from: ‘tseries’
All declared Imports should be used.
Flavors: r-devel-linux-x86_64-fedora-clang, r-devel-linux-x86_64-fedora-gcc