Last updated on 2025-05-03 22:50:12 CEST.
Flavor | Version | Tinstall | Tcheck | Ttotal | Status | Flags |
---|---|---|---|---|---|---|
r-devel-linux-x86_64-debian-clang | 0.1.0 | 10.54 | 16.42 | 26.96 | OK | |
r-devel-linux-x86_64-debian-gcc | 0.1.0 | 6.99 | 13.09 | 20.08 | OK | |
r-devel-linux-x86_64-fedora-clang | 0.1.0 | 45.23 | OK | |||
r-devel-linux-x86_64-fedora-gcc | 0.1.0 | 43.65 | OK | |||
r-devel-windows-x86_64 | 0.1.0 | 10.00 | 38.00 | 48.00 | OK | |
r-patched-linux-x86_64 | 0.1.0 | 10.28 | 16.00 | 26.28 | OK | |
r-release-linux-x86_64 | OK | |||||
r-release-macos-arm64 | 0.1.0 | 22.00 | OK | |||
r-release-macos-x86_64 | 0.1.0 | 31.00 | OK | |||
r-release-windows-x86_64 | 0.1.0 | 9.00 | 37.00 | 46.00 | OK | |
r-oldrel-macos-arm64 | 0.1.0 | 22.00 | NOTE | |||
r-oldrel-macos-x86_64 | 0.1.0 | 28.00 | NOTE | |||
r-oldrel-windows-x86_64 | 0.1.0 | 9.00 | 42.00 | 51.00 | NOTE |
Version: 0.1.0
Check: installed package size
Result: NOTE
installed size is 13.0Mb
sub-directories of 1Mb or more:
data 13.0Mb
Flavors: r-oldrel-macos-arm64, r-oldrel-macos-x86_64, r-oldrel-windows-x86_64