Last updated on 2025-02-22 12:50:54 CET.
Flavor | Version | Tinstall | Tcheck | Ttotal | Status | Flags |
---|---|---|---|---|---|---|
r-devel-linux-x86_64-debian-clang | 0.2.0 | 7.36 | 54.91 | 62.27 | NOTE | |
r-devel-linux-x86_64-debian-gcc | 0.2.0 | 5.75 | 40.13 | 45.88 | NOTE | |
r-devel-linux-x86_64-fedora-clang | 0.2.0 | 103.24 | NOTE | |||
r-devel-linux-x86_64-fedora-gcc | 0.2.0 | 93.12 | NOTE | |||
r-devel-macos-arm64 | 0.2.0 | 33.00 | NOTE | |||
r-devel-macos-x86_64 | 0.2.0 | 53.00 | NOTE | |||
r-devel-windows-x86_64 | 0.2.0 | 8.00 | 68.00 | 76.00 | NOTE | |
r-patched-linux-x86_64 | 0.2.0 | 6.72 | 51.46 | 58.18 | NOTE | |
r-release-linux-x86_64 | 0.2.0 | 6.51 | 52.42 | 58.93 | NOTE | |
r-release-macos-arm64 | 0.2.0 | 30.00 | NOTE | |||
r-release-macos-x86_64 | 0.2.0 | 44.00 | NOTE | |||
r-release-windows-x86_64 | 0.2.0 | 8.00 | 69.00 | 77.00 | NOTE | |
r-oldrel-macos-arm64 | 0.2.0 | 34.00 | OK | |||
r-oldrel-macos-x86_64 | 0.2.0 | 50.00 | OK | |||
r-oldrel-windows-x86_64 | 0.2.0 | 7.00 | 78.00 | 85.00 | OK |
Version: 0.2.0
Check: Rd files
Result: NOTE
checkRd: (-1) coxDT.Rd:76: Lost braces; missing escapes or markup?
76 | The estimation procedure here is performed using coxph {survival} and inserting these estimated
| ^
Flavors: r-devel-linux-x86_64-debian-clang, r-devel-linux-x86_64-debian-gcc, r-devel-linux-x86_64-fedora-clang, r-devel-linux-x86_64-fedora-gcc, r-devel-macos-arm64, r-devel-macos-x86_64, r-devel-windows-x86_64, r-patched-linux-x86_64, r-release-linux-x86_64, r-release-macos-arm64, r-release-macos-x86_64, r-release-windows-x86_64