CRAN Package Check Results for Package StreamMetabolism

Last updated on 2025-11-24 07:50:16 CET.

Flavor Version Tinstall Tcheck Ttotal Status Flags
r-devel-linux-x86_64-debian-clang 1.1.3 4.45 43.37 47.82 NOTE
r-devel-linux-x86_64-debian-gcc 1.1.3 3.18 34.14 37.32 NOTE
r-devel-linux-x86_64-fedora-clang 1.1.3 71.87 OK
r-devel-windows-x86_64 1.1.3 6.00 58.00 64.00 OK
r-patched-linux-x86_64 1.1.3 4.48 41.02 45.50 OK
r-release-linux-x86_64 1.1.3 4.31 40.99 45.30 OK
r-release-macos-arm64 1.1.3 OK
r-release-macos-x86_64 1.1.3 4.00 41.00 45.00 OK
r-release-windows-x86_64 1.1.3 5.00 75.00 80.00 OK
r-oldrel-macos-arm64 1.1.3 OK
r-oldrel-macos-x86_64 1.1.3 3.00 33.00 36.00 OK
r-oldrel-windows-x86_64 1.1.3 7.00 68.00 75.00 OK

Check Details

Version: 1.1.3
Check: CRAN incoming feasibility
Result: NOTE Maintainer: ‘Stephen A Sefick Jr. <ssefick@gmail.com>’ No Authors@R field in DESCRIPTION. Please add one, modifying Authors@R: person(given = c("Stephen", "A"), family = "Sefick Jr.", role = c("aut", "cre"), email = "ssefick@gmail.com") as necessary. Flavors: r-devel-linux-x86_64-debian-clang, r-devel-linux-x86_64-debian-gcc