Last updated on 2025-11-25 07:50:12 CET.
| Flavor | Version | Tinstall | Tcheck | Ttotal | Status | Flags |
|---|---|---|---|---|---|---|
| r-devel-linux-x86_64-debian-clang | 0.2.2 | 9.55 | 72.70 | 82.25 | NOTE | |
| r-devel-linux-x86_64-debian-gcc | 0.2.2 | 6.47 | 52.05 | 58.52 | NOTE | |
| r-devel-linux-x86_64-fedora-clang | 0.2.2 | 19.00 | 106.34 | 125.34 | OK | |
| r-devel-linux-x86_64-fedora-gcc | 0.2.2 | 18.00 | 99.94 | 117.94 | OK | |
| r-devel-windows-x86_64 | 0.2.2 | 14.00 | 76.00 | 90.00 | OK | |
| r-patched-linux-x86_64 | 0.2.2 | 8.31 | 68.54 | 76.85 | OK | |
| r-release-linux-x86_64 | 0.2.2 | 7.78 | 68.14 | 75.92 | OK | |
| r-release-macos-arm64 | 0.2.2 | OK | ||||
| r-release-macos-x86_64 | 0.2.2 | 8.00 | 58.00 | 66.00 | OK | |
| r-release-windows-x86_64 | 0.2.2 | 11.00 | 91.00 | 102.00 | OK | |
| r-oldrel-macos-arm64 | 0.2.2 | NOTE | ||||
| r-oldrel-macos-x86_64 | 0.2.2 | 7.00 | 46.00 | 53.00 | NOTE | |
| r-oldrel-windows-x86_64 | 0.2.2 | 13.00 | 92.00 | 105.00 | NOTE |
Version: 0.2.2
Check: CRAN incoming feasibility
Result: NOTE
Maintainer: ‘David Cortes <david.cortes.rivera@gmail.com>’
No Authors@R field in DESCRIPTION.
Please add one, modifying
Authors@R: person(given = "David",
family = "Cortes",
role = c("aut", "cre"),
email = "david.cortes.rivera@gmail.com")
as necessary.
Flavors: r-devel-linux-x86_64-debian-clang, r-devel-linux-x86_64-debian-gcc
Version: 0.2.2
Check: LazyData
Result: NOTE
'LazyData' is specified without a 'data' directory
Flavors: r-oldrel-macos-arm64, r-oldrel-macos-x86_64, r-oldrel-windows-x86_64