Last updated on 2024-05-11 12:48:17 CEST.
Flavor | Version | Tinstall | Tcheck | Ttotal | Status | Flags |
---|---|---|---|---|---|---|
r-devel-linux-x86_64-debian-clang | 1.0.1 | 12.09 | 53.08 | 65.17 | NOTE | |
r-devel-linux-x86_64-debian-gcc | 1.0.1 | 7.91 | 39.13 | 47.04 | NOTE | |
r-devel-linux-x86_64-fedora-clang | 1.0.1 | 77.68 | NOTE | |||
r-devel-linux-x86_64-fedora-gcc | 1.0.1 | 119.23 | NOTE | |||
r-devel-windows-x86_64 | 1.0.1 | 8.00 | 62.00 | 70.00 | OK | |
r-patched-linux-x86_64 | 1.0.1 | 9.41 | 50.01 | 59.42 | NOTE | |
r-release-linux-x86_64 | 1.0.1 | 11.28 | 49.76 | 61.04 | NOTE | |
r-release-macos-arm64 | 1.0.1 | 34.00 | OK | |||
r-release-windows-x86_64 | 1.0.1 | 9.00 | 63.00 | 72.00 | OK | |
r-oldrel-macos-arm64 | 1.0.1 | 35.00 | OK | |||
r-oldrel-macos-x86_64 | 1.0.1 | 53.00 | OK | |||
r-oldrel-windows-x86_64 | 1.0.1 | 10.00 | 70.00 | 80.00 | OK |
Version: 1.0.1
Check: for non-standard things in the check directory
Result: NOTE
Found the following files/directories:
‘myNewStrat.R’
Flavors: r-devel-linux-x86_64-debian-clang, r-devel-linux-x86_64-debian-gcc, r-devel-linux-x86_64-fedora-clang, r-devel-linux-x86_64-fedora-gcc, r-patched-linux-x86_64, r-release-linux-x86_64