Last updated on 2025-11-24 07:50:16 CET.
| Flavor | Version | Tinstall | Tcheck | Ttotal | Status | Flags |
|---|---|---|---|---|---|---|
| r-devel-linux-x86_64-debian-clang | 1.6.7 | 52.26 | 89.09 | 141.35 | NOTE | |
| r-devel-linux-x86_64-debian-gcc | 1.6.7 | 36.10 | 57.28 | 93.38 | NOTE | |
| r-devel-linux-x86_64-fedora-clang | 1.6.7 | 127.00 | 125.11 | 252.11 | NOTE | |
| r-devel-windows-x86_64 | 1.6.7 | 76.00 | 109.00 | 185.00 | NOTE | |
| r-patched-linux-x86_64 | 1.6.7 | 57.47 | 81.92 | 139.39 | NOTE | |
| r-release-linux-x86_64 | 1.6.7 | 53.49 | 80.67 | 134.16 | NOTE | |
| r-release-macos-arm64 | 1.6.7 | NOTE | ||||
| r-release-macos-x86_64 | 1.6.7 | 29.00 | 85.00 | 114.00 | NOTE | |
| r-release-windows-x86_64 | 1.6.7 | 67.00 | 111.00 | 178.00 | NOTE | |
| r-oldrel-macos-arm64 | 1.6.7 | NOTE | ||||
| r-oldrel-macos-x86_64 | 1.6.7 | 25.00 | 52.00 | 77.00 | NOTE | |
| r-oldrel-windows-x86_64 | 1.6.7 | 80.00 | 144.00 | 224.00 | NOTE |
Version: 1.6.7
Check: CRAN incoming feasibility
Result: NOTE
Maintainer: ‘Aaron Olsen <aarolsen@gmail.com>’
No Authors@R field in DESCRIPTION.
Please add one, modifying
Authors@R: c(person(given = "Aaron",
family = "Olsen",
role = c("aut", "cre"),
email = "aarolsen@gmail.com"),
person(given = "Annat",
family = "Haber",
role = "aut"))
as necessary.
Package CITATION file contains call(s) to old-style personList() or
as.personList(). Please use c() on person objects instead.
Package CITATION file contains call(s) to old-style citEntry(). Please
use bibentry() instead.
Flavors: r-devel-linux-x86_64-debian-clang, r-devel-linux-x86_64-debian-gcc
Version: 1.6.7
Check: Rd files
Result: NOTE
checkRd: (-1) landmarkMatrixToList.Rd:10: Lost braces
10 | \item{semilandmark.pattern}{a regular expression pattern passed to \code{sub()} for identifying and grouping curve points. The default is landmark names ending in one or more numbers. To disable grouping, set to code{''}.}
| ^
Flavors: r-devel-linux-x86_64-debian-clang, r-devel-linux-x86_64-debian-gcc, r-devel-linux-x86_64-fedora-clang, r-devel-windows-x86_64, r-patched-linux-x86_64, r-release-linux-x86_64, r-release-macos-arm64, r-release-macos-x86_64, r-release-windows-x86_64, r-oldrel-macos-arm64, r-oldrel-macos-x86_64, r-oldrel-windows-x86_64