Last updated on 2025-02-22 12:50:52 CET.
Flavor | Version | Tinstall | Tcheck | Ttotal | Status | Flags |
---|---|---|---|---|---|---|
r-devel-linux-x86_64-debian-clang | 1.0.1 | 142.97 | 71.87 | 214.84 | OK | |
r-devel-linux-x86_64-debian-gcc | 1.0.1 | 130.49 | 52.46 | 182.95 | OK | |
r-devel-linux-x86_64-fedora-clang | 1.0.1 | 350.59 | OK | |||
r-devel-linux-x86_64-fedora-gcc | 1.0.1 | 522.61 | OK | |||
r-devel-macos-arm64 | 1.0.1 | 113.00 | OK | |||
r-devel-macos-x86_64 | 1.0.1 | 245.00 | OK | |||
r-devel-windows-x86_64 | 1.0.1 | 137.00 | 124.00 | 261.00 | OK | |
r-patched-linux-x86_64 | 1.0.1 | 180.44 | 69.32 | 249.76 | NOTE | |
r-release-linux-x86_64 | 1.0.1 | 176.42 | 68.73 | 245.15 | NOTE | |
r-release-macos-arm64 | 1.0.1 | 119.00 | NOTE | |||
r-release-macos-x86_64 | 1.0.1 | 317.00 | NOTE | |||
r-release-windows-x86_64 | 1.0.1 | 141.00 | 118.00 | 259.00 | NOTE | |
r-oldrel-macos-arm64 | 1.0.1 | 158.00 | NOTE | |||
r-oldrel-macos-x86_64 | 1.0.1 | 312.00 | NOTE | |||
r-oldrel-windows-x86_64 | 1.0.1 | 191.00 | 141.00 | 332.00 | NOTE |
Version: 1.0.1
Check: package dependencies
Result: NOTE
Package suggested but not available for checking: ‘INLA’
Flavors: r-patched-linux-x86_64, r-release-linux-x86_64, r-release-macos-arm64, r-release-macos-x86_64, r-oldrel-macos-arm64, r-oldrel-macos-x86_64, r-oldrel-windows-x86_64
Version: 1.0.1
Check: installed package size
Result: NOTE
installed size is 95.1Mb
sub-directories of 1Mb or more:
libs 94.2Mb
Flavors: r-release-macos-arm64, r-release-macos-x86_64, r-release-windows-x86_64, r-oldrel-macos-arm64, r-oldrel-macos-x86_64, r-oldrel-windows-x86_64