Last updated on 2025-11-04 07:50:08 CET.
| Flavor | Version | Tinstall | Tcheck | Ttotal | Status | Flags | 
|---|---|---|---|---|---|---|
| r-devel-linux-x86_64-debian-clang | 0.1.8 | 17.13 | 139.22 | 156.35 | OK | |
| r-devel-linux-x86_64-debian-gcc | 0.1.8 | 12.11 | 95.74 | 107.85 | OK | |
| r-devel-linux-x86_64-fedora-clang | 0.1.8 | 36.00 | 202.60 | 238.60 | OK | |
| r-devel-linux-x86_64-fedora-gcc | 0.1.8 | 35.00 | 207.74 | 242.74 | OK | |
| r-devel-windows-x86_64 | 0.1.8 | 16.00 | 131.00 | 147.00 | OK | |
| r-patched-linux-x86_64 | 0.1.8 | 14.37 | 128.51 | 142.88 | OK | |
| r-release-linux-x86_64 | 0.1.8 | 16.44 | 126.60 | 143.04 | OK | |
| r-release-macos-arm64 | 0.1.8 | 8.00 | 64.00 | 72.00 | OK | |
| r-release-macos-x86_64 | 0.1.8 | 22.00 | 139.00 | 161.00 | OK | |
| r-release-windows-x86_64 | 0.1.8 | 17.00 | 128.00 | 145.00 | OK | |
| r-oldrel-macos-arm64 | 0.1.8 | 8.00 | 68.00 | 76.00 | NOTE | |
| r-oldrel-macos-x86_64 | 0.1.8 | 23.00 | 147.00 | 170.00 | NOTE | |
| r-oldrel-windows-x86_64 | 0.1.8 | 23.00 | 169.00 | 192.00 | OK | 
Version: 0.1.8
Check: package dependencies
Result: NOTE
  Package suggested but not available for checking: ‘INLA’
Flavors: r-oldrel-macos-arm64, r-oldrel-macos-x86_64