Last updated on 2025-11-03 07:48:52 CET.
| Flavor | Version | Tinstall | Tcheck | Ttotal | Status | Flags | 
|---|---|---|---|---|---|---|
| r-devel-linux-x86_64-debian-clang | 5.3.1 | 109.61 | 749.93 | 859.54 | OK | |
| r-devel-linux-x86_64-debian-gcc | 5.3.1 | 76.56 | 487.22 | 563.78 | OK | |
| r-devel-linux-x86_64-fedora-clang | 5.3.1 | 660.00 | 841.09 | 1501.09 | OK | |
| r-devel-linux-x86_64-fedora-gcc | 5.3.1 | 194.00 | 837.03 | 1031.03 | OK | |
| r-devel-windows-x86_64 | 5.3.1 | 112.00 | 685.00 | 797.00 | OK | |
| r-patched-linux-x86_64 | 5.3.0 | 120.27 | 739.89 | 860.16 | OK | |
| r-release-linux-x86_64 | 5.3.1 | 112.55 | 721.14 | 833.69 | OK | |
| r-release-macos-arm64 | 5.3.1 | 44.00 | 284.00 | 328.00 | OK | |
| r-release-macos-x86_64 | 5.3.1 | 118.00 | 814.00 | 932.00 | OK | |
| r-release-windows-x86_64 | 5.3.1 | 125.00 | 853.00 | 978.00 | OK | |
| r-oldrel-macos-arm64 | 5.3.1 | 45.00 | 291.00 | 336.00 | NOTE | |
| r-oldrel-macos-x86_64 | 5.3.1 | 138.00 | 1056.00 | 1194.00 | NOTE | |
| r-oldrel-windows-x86_64 | 5.3.1 | 91.00 | 917.00 | 1008.00 | NOTE | 
Version: 5.3.1
Check: package dependencies
Result: NOTE
  Packages suggested but not available for checking: 'BPCells', 'presto'
Flavors: r-oldrel-macos-arm64, r-oldrel-windows-x86_64
Version: 5.3.1
Check: installed package size
Result: NOTE
    installed size is 11.3Mb
    sub-directories of 1Mb or more:
      R      2.1Mb
      libs   8.3Mb
Flavors: r-oldrel-macos-arm64, r-oldrel-macos-x86_64
Version: 5.3.1
Check: Rd cross-references
Result: NOTE
  Package unavailable to check Rd xrefs: ‘BPCells’
Flavors: r-oldrel-macos-arm64, r-oldrel-macos-x86_64, r-oldrel-windows-x86_64
Version: 5.3.1
Check: package dependencies
Result: NOTE
  Packages suggested but not available for checking:
    'BPCells', 'monocle', 'presto'
Flavor: r-oldrel-macos-x86_64