Last updated on 2025-02-22 12:50:49 CET.
Flavor | Version | Tinstall | Tcheck | Ttotal | Status | Flags |
---|---|---|---|---|---|---|
r-devel-linux-x86_64-debian-clang | 0.0.8 | 17.42 | 40.03 | 57.45 | OK | |
r-devel-linux-x86_64-debian-gcc | 0.0.8 | 14.33 | 30.67 | 45.00 | OK | |
r-devel-linux-x86_64-fedora-clang | 0.0.8 | 117.72 | OK | |||
r-devel-linux-x86_64-fedora-gcc | 0.0.8 | 114.29 | OK | |||
r-devel-macos-arm64 | 0.0.8 | 39.00 | OK | |||
r-devel-macos-x86_64 | 0.0.8 | 59.00 | OK | |||
r-devel-windows-x86_64 | 0.0.8 | 25.00 | 93.00 | 118.00 | OK | |
r-patched-linux-x86_64 | 0.0.8 | 20.37 | 37.70 | 58.07 | OK | |
r-release-linux-x86_64 | 0.0.8 | 18.99 | 38.06 | 57.05 | OK | |
r-release-macos-arm64 | 0.0.8 | 41.00 | OK | |||
r-release-macos-x86_64 | 0.0.8 | 54.00 | OK | |||
r-release-windows-x86_64 | 0.0.8 | 26.00 | 83.00 | 109.00 | NOTE | |
r-oldrel-macos-arm64 | 0.0.8 | 43.00 | OK | |||
r-oldrel-macos-x86_64 | 0.0.8 | 66.00 | OK | |||
r-oldrel-windows-x86_64 | 0.0.8 | 32.00 | 97.00 | 129.00 | NOTE |
Version: 0.0.8
Check: package dependencies
Result: NOTE
Package suggested but not available for checking: 'doMC'
Flavors: r-release-windows-x86_64, r-oldrel-windows-x86_64