CRAN Package Check Results for Package SemNeT

Last updated on 2025-11-04 07:50:08 CET.

Flavor Version Tinstall Tcheck Ttotal Status Flags
r-devel-linux-x86_64-debian-clang 1.4.4 12.40 103.91 116.31 NOTE
r-devel-linux-x86_64-debian-gcc 1.4.4 8.39 70.60 78.99 NOTE
r-devel-linux-x86_64-fedora-clang 1.4.5 62.00 119.25 181.25 OK
r-devel-linux-x86_64-fedora-gcc 1.4.5 30.00 130.38 160.38 OK
r-devel-windows-x86_64 1.4.5 14.00 122.00 136.00 OK
r-patched-linux-x86_64 1.4.4 13.07 94.94 108.01 NOTE
r-release-linux-x86_64 1.4.4 11.06 96.93 107.99 NOTE
r-release-macos-arm64 1.4.5 6.00 42.00 48.00 OK
r-release-macos-x86_64 1.4.5 14.00 91.00 105.00 OK
r-release-windows-x86_64 1.4.4 15.00 109.00 124.00 NOTE
r-oldrel-macos-arm64 1.4.5 5.00 47.00 52.00 OK
r-oldrel-macos-x86_64 1.4.5 19.00 97.00 116.00 OK
r-oldrel-windows-x86_64 1.4.4 21.00 146.00 167.00 NOTE

Check Details

Version: 1.4.4
Check: Rd files
Result: NOTE checkRd: (-1) NRW.Rd:20: Lost braces in \itemize; meant \describe ? checkRd: (-1) NRW.Rd:23: Lost braces in \itemize; meant \describe ? checkRd: (-1) bootSemNeT.Rd:31: Lost braces in \itemize; meant \describe ? checkRd: (-1) bootSemNeT.Rd:34: Lost braces in \itemize; meant \describe ? checkRd: (-1) bootSemNeT.Rd:37: Lost braces in \itemize; meant \describe ? checkRd: (-1) bootSemNeT.Rd:40: Lost braces in \itemize; meant \describe ? checkRd: (-1) bootSemNeT.Rd:53-54: Lost braces in \itemize; meant \describe ? checkRd: (-1) bootSemNeT.Rd:57-58: Lost braces in \itemize; meant \describe ? checkRd: (-1) compare_nets.Rd:62: Lost braces in \itemize; meant \describe ? checkRd: (-1) compare_nets.Rd:64: Lost braces in \itemize; meant \describe ? checkRd: (-1) compare_nets.Rd:66: Lost braces in \itemize; meant \describe ? checkRd: (-1) compare_nets.Rd:32: Lost braces in \itemize; meant \describe ? checkRd: (-1) compare_nets.Rd:35: Lost braces in \itemize; meant \describe ? checkRd: (-1) plot.compareShiny.Rd:27: Lost braces in \itemize; meant \describe ? checkRd: (-1) plot.compareShiny.Rd:29: Lost braces in \itemize; meant \describe ? checkRd: (-1) plot.compareShiny.Rd:31: Lost braces in \itemize; meant \describe ? checkRd: (-1) test.bootSemNeT.Rd:24: Lost braces in \itemize; meant \describe ? checkRd: (-1) test.bootSemNeT.Rd:27-28: Lost braces in \itemize; meant \describe ? checkRd: (-1) test.bootSemNeT.Rd:31-33: Lost braces in \itemize; meant \describe ? checkRd: (-1) test.bootSemNeT.Rd:41: Lost braces in \itemize; meant \describe ? checkRd: (-1) test.bootSemNeT.Rd:44: Lost braces in \itemize; meant \describe ? checkRd: (-1) test.bootSemNeT.Rd:47: Lost braces in \itemize; meant \describe ? Flavors: r-devel-linux-x86_64-debian-clang, r-devel-linux-x86_64-debian-gcc, r-patched-linux-x86_64, r-release-linux-x86_64, r-release-windows-x86_64, r-oldrel-windows-x86_64

Version: 1.4.4
Check: Rd cross-references
Result: NOTE Found the following Rd file(s) with Rd \link{} targets missing package anchors: convert2igraph.Rd: igraph Please provide package anchors for all Rd \link{} targets not in the package itself and the base packages. Unknown package ‘spreadr’ in Rd xrefs Flavors: r-devel-linux-x86_64-debian-clang, r-devel-linux-x86_64-debian-gcc, r-patched-linux-x86_64, r-release-linux-x86_64

Version: 1.4.4
Check: Rd cross-references
Result: NOTE Found the following Rd file(s) with Rd \link{} targets missing package anchors: convert2igraph.Rd: igraph Please provide package anchors for all Rd \link{} targets not in the package itself and the base packages. Flavor: r-release-windows-x86_64