Last updated on 2024-05-11 12:48:17 CEST.
Flavor | Version | Tinstall | Tcheck | Ttotal | Status | Flags |
---|---|---|---|---|---|---|
r-devel-linux-x86_64-debian-clang | 0.6.5 | 9.70 | 85.94 | 95.64 | NOTE | |
r-devel-linux-x86_64-debian-gcc | 0.6.5 | 9.13 | 63.16 | 72.29 | NOTE | |
r-devel-linux-x86_64-fedora-clang | 0.6.5 | 119.48 | NOTE | |||
r-devel-linux-x86_64-fedora-gcc | 0.6.5 | 168.30 | NOTE | |||
r-devel-windows-x86_64 | 0.6.5 | 13.00 | 80.00 | 93.00 | NOTE | |
r-patched-linux-x86_64 | 0.6.5 | 16.87 | 80.18 | 97.05 | NOTE | |
r-release-linux-x86_64 | 0.6.5 | 8.26 | 81.48 | 89.74 | NOTE | |
r-release-macos-arm64 | 0.6.5 | 36.00 | NOTE | |||
r-release-windows-x86_64 | 0.6.5 | 13.00 | 82.00 | 95.00 | NOTE | |
r-oldrel-macos-arm64 | 0.6.5 | 39.00 | OK | |||
r-oldrel-macos-x86_64 | 0.6.5 | 65.00 | OK | |||
r-oldrel-windows-x86_64 | 0.6.5 | 16.00 | 95.00 | 111.00 | OK |
Version: 0.6.5
Check: Rd files
Result: NOTE
checkRd: (-1) rankSTB.Rd:31: Lost braces; missing escapes or markup?
31 | are transformed to min. rank-values. In step 6) the "N_{k-1}-(1-alpha)*N largest" elements of "d_{l}^{theta}" have to
| ^
checkRd: (-1) rankSTB.Rd:31: Lost braces; missing escapes or markup?
31 | are transformed to min. rank-values. In step 6) the "N_{k-1}-(1-alpha)*N largest" elements of "d_{l}^{theta}" have to
| ^
checkRd: (-1) rankSTB.Rd:31: Lost braces; missing escapes or markup?
31 | are transformed to min. rank-values. In step 6) the "N_{k-1}-(1-alpha)*N largest" elements of "d_{l}^{theta}" have to
| ^
checkRd: (-1) stb.default.Rd:43: Lost braces
43 | sampling from the standard normal distribution. Another example is defining func=function(n){rchisq(n=n, df=3, ncp=2)}
| ^
Flavors: r-devel-linux-x86_64-debian-clang, r-devel-linux-x86_64-debian-gcc, r-devel-linux-x86_64-fedora-clang, r-devel-linux-x86_64-fedora-gcc, r-devel-windows-x86_64, r-patched-linux-x86_64, r-release-linux-x86_64, r-release-macos-arm64, r-release-windows-x86_64