Last updated on 2025-05-03 22:50:11 CEST.
Flavor | Version | Tinstall | Tcheck | Ttotal | Status | Flags |
---|---|---|---|---|---|---|
r-devel-linux-x86_64-debian-clang | 2.0 | 7.06 | 69.39 | 76.45 | NOTE | |
r-devel-linux-x86_64-debian-gcc | 2.0 | 4.60 | 52.00 | 56.60 | NOTE | |
r-devel-linux-x86_64-fedora-clang | 2.0 | 117.63 | OK | |||
r-devel-linux-x86_64-fedora-gcc | 2.0 | 115.33 | OK | |||
r-devel-windows-x86_64 | 2.0 | 8.00 | 106.00 | 114.00 | OK | |
r-patched-linux-x86_64 | 2.0 | 6.57 | 66.53 | 73.10 | OK | |
r-release-linux-x86_64 | OK | |||||
r-release-macos-arm64 | 2.0 | 41.00 | OK | |||
r-release-macos-x86_64 | 2.0 | 81.00 | OK | |||
r-release-windows-x86_64 | 2.0 | 8.00 | 94.00 | 102.00 | OK | |
r-oldrel-macos-arm64 | 2.0 | 37.00 | OK | |||
r-oldrel-macos-x86_64 | 2.0 | 66.00 | OK | |||
r-oldrel-windows-x86_64 | 2.0 | 10.00 | 108.00 | 118.00 | OK |
Version: 2.0
Check: CRAN incoming feasibility
Result: NOTE
Maintainer: ‘E. P. Adams <eric.adams@orau.org>’
No Authors@R field in DESCRIPTION.
Please add one, modifying
Authors@R: c(person(given = c("E.", "L."),
family = "Frome",
role = "aut",
email = "fromeEL@ornl.gov"),
person(given = c("D.", "P."),
family = "Frome",
role = "aut"),
person(given = c("E.", "P."),
family = "Adams",
role = "cre",
email = "eric.adams@orau.org"))
as necessary.
Flavors: r-devel-linux-x86_64-debian-clang, r-devel-linux-x86_64-debian-gcc