Last updated on 2025-11-05 06:51:47 CET.
| Flavor | Version | Tinstall | Tcheck | Ttotal | Status | Flags |
|---|---|---|---|---|---|---|
| r-devel-linux-x86_64-debian-clang | 0.2.3 | 8.37 | 72.69 | 81.06 | NOTE | |
| r-devel-linux-x86_64-debian-gcc | 0.2.3 | 7.07 | 54.82 | 61.89 | NOTE | |
| r-devel-linux-x86_64-fedora-clang | 0.2.3 | 19.00 | 106.95 | 125.95 | OK | |
| r-devel-linux-x86_64-fedora-gcc | 0.2.3 | 19.00 | 101.56 | 120.56 | OK | |
| r-devel-windows-x86_64 | 0.2.3 | 11.00 | 77.00 | 88.00 | OK | |
| r-patched-linux-x86_64 | 0.2.3 | 9.27 | 69.10 | 78.37 | OK | |
| r-release-linux-x86_64 | 0.2.3 | 8.68 | 69.41 | 78.09 | OK | |
| r-release-macos-arm64 | 0.2.3 | 4.00 | 34.00 | 38.00 | OK | |
| r-release-macos-x86_64 | 0.2.3 | 8.00 | 72.00 | 80.00 | OK | |
| r-release-windows-x86_64 | 0.2.3 | 12.00 | 75.00 | 87.00 | OK | |
| r-oldrel-macos-arm64 | 0.2.3 | 4.00 | 31.00 | 35.00 | OK | |
| r-oldrel-macos-x86_64 | 0.2.3 | 10.00 | 62.00 | 72.00 | OK | |
| r-oldrel-windows-x86_64 | 0.2.3 | 15.00 | 102.00 | 117.00 | OK |
Version: 0.2.3
Check: CRAN incoming feasibility
Result: NOTE
Maintainer: ‘Lukas Beule <lukas.beule@julius-kuehn.de>’
Package CITATION file contains call(s) to old-style personList() or
as.personList(). Please use c() on person objects instead.
Package CITATION file contains call(s) to old-style citEntry(). Please
use bibentry() instead.
Flavors: r-devel-linux-x86_64-debian-clang, r-devel-linux-x86_64-debian-gcc