Last updated on 2024-05-04 12:48:11 CEST.
Flavor | Version | Tinstall | Tcheck | Ttotal | Status | Flags |
---|---|---|---|---|---|---|
r-devel-linux-x86_64-debian-clang | 1.0.3 | 43.12 | 32.55 | 75.67 | NOTE | |
r-devel-linux-x86_64-debian-gcc | 1.0.3 | 36.32 | 24.83 | 61.15 | NOTE | |
r-devel-linux-x86_64-fedora-clang | 1.0.3 | 103.50 | NOTE | |||
r-devel-linux-x86_64-fedora-gcc | 1.0.3 | 105.21 | NOTE | |||
r-devel-windows-x86_64 | 1.0.3 | 32.00 | 72.00 | 104.00 | NOTE | |
r-patched-linux-x86_64 | 1.0.3 | 40.24 | 30.90 | 71.14 | NOTE | |
r-release-linux-x86_64 | 1.0.3 | 44.58 | 30.76 | 75.34 | NOTE | |
r-release-macos-arm64 | 1.0.3 | 31.00 | NOTE | |||
r-release-windows-x86_64 | 1.0.3 | 34.00 | 72.00 | 106.00 | NOTE | |
r-oldrel-macos-arm64 | 1.0.3 | 34.00 | NOTE | |||
r-oldrel-macos-x86_64 | 1.0.3 | 52.00 | NOTE | |||
r-oldrel-windows-x86_64 | 1.0.3 | 41.00 | 82.00 | 123.00 | NOTE |
Version: 1.0.3
Check: C++ specification
Result: NOTE
Specified C++11: please drop specification unless essential
Flavors: r-devel-linux-x86_64-debian-clang, r-devel-linux-x86_64-debian-gcc, r-devel-linux-x86_64-fedora-clang, r-devel-linux-x86_64-fedora-gcc, r-devel-windows-x86_64, r-patched-linux-x86_64, r-release-linux-x86_64, r-release-macos-arm64, r-release-windows-x86_64, r-oldrel-macos-arm64, r-oldrel-macos-x86_64, r-oldrel-windows-x86_64
Version: 1.0.3
Check: Rd files
Result: NOTE
checkRd: (-1) SMMA.Rd:115: Lost braces
115 | is the empirical explained variance from \cite{Meinshausen and B{u}hlmann, 2015}. See \cite{Lund et al., 2020} for more details and references.
| ^
checkRd: (-1) SMMA.Rd:170: Lost braces
170 | Meinshausen, N and P. B{u}hlmann (2015). Maximin effects in inhomogeneous large-scale data.
| ^
Flavors: r-devel-linux-x86_64-debian-clang, r-devel-linux-x86_64-debian-gcc, r-devel-linux-x86_64-fedora-clang, r-devel-linux-x86_64-fedora-gcc, r-devel-windows-x86_64, r-patched-linux-x86_64, r-release-linux-x86_64, r-release-macos-arm64, r-release-windows-x86_64