Last updated on 2025-11-24 07:50:14 CET.
| Flavor | Version | Tinstall | Tcheck | Ttotal | Status | Flags |
|---|---|---|---|---|---|---|
| r-devel-linux-x86_64-debian-clang | 1.0-4 | 3.03 | 27.92 | 30.95 | NOTE | |
| r-devel-linux-x86_64-debian-gcc | 1.0-4 | 2.49 | 22.07 | 24.56 | NOTE | |
| r-devel-linux-x86_64-fedora-clang | 1.0-4 | 45.81 | OK | |||
| r-devel-windows-x86_64 | 1.0-4 | 9.00 | 48.00 | 57.00 | OK | |
| r-patched-linux-x86_64 | 1.0-4 | 3.33 | 25.86 | 29.19 | OK | |
| r-release-linux-x86_64 | 1.0-4 | 2.86 | 25.66 | 28.52 | OK | |
| r-release-macos-arm64 | 1.0-4 | OK | ||||
| r-release-macos-x86_64 | 1.0-4 | 4.00 | 26.00 | 30.00 | OK | |
| r-release-windows-x86_64 | 1.0-4 | 7.00 | 53.00 | 60.00 | OK | |
| r-oldrel-macos-arm64 | 1.0-4 | OK | ||||
| r-oldrel-macos-x86_64 | 1.0-4 | 3.00 | 23.00 | 26.00 | OK | |
| r-oldrel-windows-x86_64 | 1.0-4 | 7.00 | 56.00 | 63.00 | OK |
Version: 1.0-4
Check: CRAN incoming feasibility
Result: NOTE
Maintainer: ‘Bjoern Bornkamp <bbnkmp@mail.de>’
No Authors@R field in DESCRIPTION.
Please add one, modifying
Authors@R: person(given = "Bjoern",
family = "Bornkamp",
role = c("aut", "cre"),
email = "bbnkmp@mail.de")
as necessary.
Flavors: r-devel-linux-x86_64-debian-clang, r-devel-linux-x86_64-debian-gcc