Last updated on 2025-11-24 07:50:14 CET.
| Flavor | Version | Tinstall | Tcheck | Ttotal | Status | Flags |
|---|---|---|---|---|---|---|
| r-devel-linux-x86_64-debian-clang | 0.1-1 | 2.78 | 24.85 | 27.63 | OK | |
| r-devel-linux-x86_64-debian-gcc | 0.1-1 | 2.35 | 20.24 | 22.59 | OK | |
| r-devel-linux-x86_64-fedora-clang | 0.1-1 | 40.93 | NOTE | |||
| r-devel-windows-x86_64 | 0.1-1 | 6.00 | 49.00 | 55.00 | OK | |
| r-patched-linux-x86_64 | 0.1-1 | 2.92 | 23.48 | 26.40 | OK | |
| r-release-linux-x86_64 | 0.1-1 | 2.67 | 23.41 | 26.08 | OK | |
| r-release-macos-arm64 | 0.1-1 | OK | ||||
| r-release-macos-x86_64 | 0.1-1 | 5.00 | 32.00 | 37.00 | OK | |
| r-release-windows-x86_64 | 0.1-1 | 6.00 | 55.00 | 61.00 | OK | |
| r-oldrel-macos-arm64 | 0.1-1 | OK | ||||
| r-oldrel-macos-x86_64 | 0.1-1 | 4.00 | 24.00 | 28.00 | OK | |
| r-oldrel-windows-x86_64 | 0.1-1 | 7.00 | 54.00 | 61.00 | OK |
Version: 0.1-1
Check: compiled code
Result: NOTE
File ‘SCEPtERbinary/libs/SCEPtERbinary.so’:
Found no calls to: ‘R_registerRoutines’, ‘R_useDynamicSymbols’
It is good practice to register native routines and to disable symbol
search.
See ‘Writing portable packages’ in the ‘Writing R Extensions’ manual.
Flavor: r-devel-linux-x86_64-fedora-clang