Last updated on 2025-06-30 15:49:50 CEST.
Flavor | Version | Tinstall | Tcheck | Ttotal | Status | Flags |
---|---|---|---|---|---|---|
r-devel-linux-x86_64-debian-clang | 1.2 | 12.32 | 25.44 | 37.76 | NOTE | |
r-devel-linux-x86_64-debian-gcc | 1.2 | 8.55 | 20.61 | 29.16 | NOTE | |
r-devel-linux-x86_64-fedora-clang | 1.2 | 68.38 | OK | |||
r-devel-linux-x86_64-fedora-gcc | 1.2 | 59.02 | OK | |||
r-devel-windows-x86_64 | 1.2 | 15.00 | 63.00 | 78.00 | OK | |
r-patched-linux-x86_64 | OK | |||||
r-release-linux-x86_64 | 1.2 | 11.61 | 24.36 | 35.97 | OK | |
r-release-macos-arm64 | 1.2 | 24.00 | OK | |||
r-release-macos-x86_64 | 1.2 | 42.00 | OK | |||
r-release-windows-x86_64 | 1.2 | 16.00 | 63.00 | 79.00 | OK | |
r-oldrel-macos-arm64 | 1.2 | 23.00 | OK | |||
r-oldrel-macos-x86_64 | 1.2 | 38.00 | OK | |||
r-oldrel-windows-x86_64 | 1.2 | 15.00 | 75.00 | 90.00 | OK |
Version: 1.2
Check: CRAN incoming feasibility
Result: NOTE
Maintainer: ‘Alexander Marx <amarx@mpi-inf.mpg.de>’
No Authors@R field in DESCRIPTION.
Please add one, modifying
Authors@R: person(given = "Alexander",
family = "Marx",
role = c("aut", "cre"),
email = "amarx@mpi-inf.mpg.de")
as necessary.
Flavors: r-devel-linux-x86_64-debian-clang, r-devel-linux-x86_64-debian-gcc