Last updated on 2024-04-27 12:48:24 CEST.
Flavor | Version | Tinstall | Tcheck | Ttotal | Status | Flags |
---|---|---|---|---|---|---|
r-devel-linux-x86_64-debian-clang | 1.0.0 | 9.33 | 111.30 | 120.63 | NOTE | |
r-devel-linux-x86_64-debian-gcc | 1.0.0 | 6.89 | 85.10 | 91.99 | NOTE | |
r-devel-linux-x86_64-fedora-clang | 1.0.0 | 151.68 | NOTE | |||
r-devel-linux-x86_64-fedora-gcc | 1.0.0 | 158.80 | NOTE | |||
r-devel-windows-x86_64 | 1.0.0 | 7.00 | 100.00 | 107.00 | NOTE | |
r-patched-linux-x86_64 | 1.0.0 | 9.27 | 108.68 | 117.95 | NOTE | |
r-release-linux-x86_64 | 1.0.0 | 6.41 | 113.03 | 119.44 | NOTE | |
r-release-macos-arm64 | 1.0.0 | 43.00 | NOTE | |||
r-release-windows-x86_64 | 1.0.0 | 8.00 | 96.00 | 104.00 | NOTE | |
r-oldrel-macos-arm64 | 1.0.0 | 58.00 | NOTE | |||
r-oldrel-macos-x86_64 | 1.0.0 | 94.00 | NOTE | |||
r-oldrel-windows-x86_64 | 1.0.0 | 11.00 | 118.00 | 129.00 | NOTE |
Version: 1.0.0
Check: LazyData
Result: NOTE
'LazyData' is specified without a 'data' directory
Flavors: r-devel-linux-x86_64-debian-clang, r-devel-linux-x86_64-debian-gcc, r-devel-linux-x86_64-fedora-clang, r-devel-linux-x86_64-fedora-gcc, r-devel-windows-x86_64, r-patched-linux-x86_64, r-release-linux-x86_64, r-release-macos-arm64, r-release-windows-x86_64, r-oldrel-macos-arm64, r-oldrel-macos-x86_64, r-oldrel-windows-x86_64
Version: 1.0.0
Check: dependencies in R code
Result: NOTE
Namespace in Imports field not imported from: ‘network’
All declared Imports should be used.
Flavors: r-devel-linux-x86_64-fedora-clang, r-devel-linux-x86_64-fedora-gcc