CRAN Package Check Results for Package Rspc

Last updated on 2025-06-30 15:49:49 CEST.

Flavor Version Tinstall Tcheck Ttotal Status Flags
r-devel-linux-x86_64-debian-clang 1.2.2 2.11 23.98 26.09 OK
r-devel-linux-x86_64-debian-gcc 1.2.2 1.73 19.07 20.80 OK
r-devel-linux-x86_64-fedora-clang 1.2.2 40.50 OK
r-devel-linux-x86_64-fedora-gcc 1.2.2 51.64 OK
r-devel-windows-x86_64 1.2.2 4.00 45.00 49.00 OK
r-patched-linux-x86_64 OK
r-release-linux-x86_64 1.2.2 2.07 21.29 23.36 OK
r-release-macos-arm64 1.2.2 26.00 OK
r-release-macos-x86_64 1.2.2 60.00 OK
r-release-windows-x86_64 1.2.2 6.00 44.00 50.00 OK
r-oldrel-macos-arm64 1.2.2 23.00 NOTE
r-oldrel-macos-x86_64 1.2.2 32.00 NOTE
r-oldrel-windows-x86_64 1.2.2 3.00 52.00 55.00 NOTE

Check Details

Version: 1.2.2
Check: LazyData
Result: NOTE 'LazyData' is specified without a 'data' directory Flavors: r-oldrel-macos-arm64, r-oldrel-macos-x86_64, r-oldrel-windows-x86_64