Last updated on 2025-11-04 07:50:07 CET.
| Flavor | Version | Tinstall | Tcheck | Ttotal | Status | Flags | 
|---|---|---|---|---|---|---|
| r-devel-linux-x86_64-debian-clang | 1.0.0 | 5.36 | 54.41 | 59.77 | NOTE | |
| r-devel-linux-x86_64-debian-gcc | 1.0.0 | 4.15 | 40.08 | 44.23 | NOTE | |
| r-devel-linux-x86_64-fedora-clang | 1.0.0 | 12.00 | 78.46 | 90.46 | NOTE | |
| r-devel-linux-x86_64-fedora-gcc | 1.0.0 | 13.00 | 74.09 | 87.09 | NOTE | |
| r-devel-windows-x86_64 | 1.0.0 | 8.00 | 65.00 | 73.00 | OK | |
| r-patched-linux-x86_64 | 1.0.0 | 5.59 | 49.66 | 55.25 | OK | |
| r-release-linux-x86_64 | 1.0.0 | 5.47 | 49.94 | 55.41 | OK | |
| r-release-macos-arm64 | 1.0.0 | 2.00 | 19.00 | 21.00 | OK | |
| r-release-macos-x86_64 | 1.0.0 | 4.00 | 39.00 | 43.00 | OK | |
| r-release-windows-x86_64 | 1.0.0 | 7.00 | 61.00 | 68.00 | OK | |
| r-oldrel-macos-arm64 | 1.0.0 | 2.00 | 21.00 | 23.00 | OK | |
| r-oldrel-macos-x86_64 | 1.0.0 | 4.00 | 33.00 | 37.00 | OK | |
| r-oldrel-windows-x86_64 | 1.0.0 | 10.00 | 75.00 | 85.00 | OK | 
Version: 1.0.0
Check: CRAN incoming feasibility
Result: NOTE
  Maintainer: ‘Brad Cable <brad@bcable.net>’
  
  No Authors@R field in DESCRIPTION.
  Please add one, modifying
    Authors@R: person(given = "Brad",
                      family = "Cable",
                      role = c("aut", "cre"),
                      email = "brad@bcable.net")
  as necessary.
Flavors: r-devel-linux-x86_64-debian-clang, r-devel-linux-x86_64-debian-gcc
Version: 1.0.0
Check: dependencies in R code
Result: NOTE
  Namespace in Imports field not imported from: ‘utils’
    All declared Imports should be used.
Flavors: r-devel-linux-x86_64-fedora-clang, r-devel-linux-x86_64-fedora-gcc