Last updated on 2024-05-12 13:57:01 CEST.
Flavor | Version | Tinstall | Tcheck | Ttotal | Status | Flags |
---|---|---|---|---|---|---|
r-devel-linux-x86_64-debian-clang | 0.6-5.1 | 4.88 | 26.83 | 31.71 | OK | |
r-devel-linux-x86_64-debian-gcc | 0.6-5.1 | 3.71 | 20.83 | 24.54 | OK | |
r-devel-linux-x86_64-fedora-clang | 0.6-5.1 | 42.02 | NOTE | |||
r-devel-linux-x86_64-fedora-gcc | 0.6-5.1 | 46.74 | OK | |||
r-devel-windows-x86_64 | 0.6-5.1 | 15.00 | 49.00 | 64.00 | OK | |
r-patched-linux-x86_64 | 0.6-5.1 | 4.86 | 26.60 | 31.46 | OK | |
r-release-linux-x86_64 | 0.6-5.1 | 4.11 | 25.86 | 29.97 | OK | |
r-release-macos-arm64 | 0.6-5.1 | 22.00 | OK | |||
r-release-windows-x86_64 | 0.6-5.1 | 14.00 | 48.00 | 62.00 | OK | |
r-oldrel-macos-arm64 | 0.6-5.1 | 25.00 | OK | |||
r-oldrel-macos-x86_64 | 0.6-5.1 | 78.00 | OK | |||
r-oldrel-windows-x86_64 | 0.6-5.1 | 19.00 | 52.00 | 71.00 | OK |
Version: 0.6-5.1
Check: Rd cross-references
Result: NOTE
Undeclared packages ‘lpSolve’, ‘ROI’, ‘Rsymphony’ in Rd xrefs
Flavor: r-devel-linux-x86_64-fedora-clang