Last updated on 2025-11-04 07:50:06 CET.
| Flavor | Version | Tinstall | Tcheck | Ttotal | Status | Flags | 
|---|---|---|---|---|---|---|
| r-devel-linux-x86_64-debian-clang | 5.0.4 | 58.31 | 49.94 | 108.25 | OK | |
| r-devel-linux-x86_64-debian-gcc | 5.0.4 | 45.39 | 36.02 | 81.41 | OK | |
| r-devel-linux-x86_64-fedora-clang | 5.0.4 | 123.00 | 51.56 | 174.56 | OK | |
| r-devel-linux-x86_64-fedora-gcc | 5.0.4 | 133.00 | 51.29 | 184.29 | OK | |
| r-devel-windows-x86_64 | 5.0.4 | 121.00 | 125.00 | 246.00 | OK | |
| r-patched-linux-x86_64 | 5.0.4 | 66.19 | 46.27 | 112.46 | OK | |
| r-release-linux-x86_64 | 5.0.4 | 63.63 | 46.39 | 110.02 | OK | |
| r-release-macos-arm64 | 5.0.4 | 24.00 | 23.00 | 47.00 | OK | |
| r-release-macos-x86_64 | 5.0.4 | 24.00 | 44.00 | 68.00 | OK | |
| r-release-windows-x86_64 | 5.0.4 | 119.00 | 117.00 | 236.00 | OK | |
| r-oldrel-macos-arm64 | 5.0.4 | 28.00 | 26.00 | 54.00 | NOTE | |
| r-oldrel-macos-x86_64 | 5.0.4 | 28.00 | 61.00 | 89.00 | NOTE | |
| r-oldrel-windows-x86_64 | 5.0.4 | 122.00 | 156.00 | 278.00 | OK | 
Version: 5.0.4
Check: installed package size
Result: NOTE
    installed size is  6.9Mb
    sub-directories of 1Mb or more:
      libs   6.0Mb
Flavors: r-oldrel-macos-arm64, r-oldrel-macos-x86_64