Last updated on 2025-05-03 22:50:06 CEST.
Flavor | Version | Tinstall | Tcheck | Ttotal | Status | Flags |
---|---|---|---|---|---|---|
r-devel-linux-x86_64-debian-clang | 5.0.4 | 60.66 | 46.69 | 107.35 | OK | |
r-devel-linux-x86_64-debian-gcc | 5.0.4 | 46.41 | 33.06 | 79.47 | OK | |
r-devel-linux-x86_64-fedora-clang | 5.0.4 | 175.29 | OK | |||
r-devel-linux-x86_64-fedora-gcc | 5.0.4 | 202.38 | OK | |||
r-devel-windows-x86_64 | 5.0.4 | 118.00 | 146.00 | 264.00 | OK | |
r-patched-linux-x86_64 | 5.0.4 | 65.02 | 43.35 | 108.37 | OK | |
r-release-linux-x86_64 | OK | |||||
r-release-macos-arm64 | 5.0.4 | 47.00 | OK | |||
r-release-macos-x86_64 | 5.0.4 | 68.00 | OK | |||
r-release-windows-x86_64 | 5.0.4 | 120.00 | 122.00 | 242.00 | OK | |
r-oldrel-macos-arm64 | 5.0.4 | 54.00 | NOTE | |||
r-oldrel-macos-x86_64 | 5.0.4 | 89.00 | NOTE | |||
r-oldrel-windows-x86_64 | 5.0.4 | 119.00 | 140.00 | 259.00 | OK |
Version: 5.0.4
Check: installed package size
Result: NOTE
installed size is 6.9Mb
sub-directories of 1Mb or more:
libs 6.0Mb
Flavors: r-oldrel-macos-arm64, r-oldrel-macos-x86_64