Last updated on 2025-11-04 07:50:05 CET.
| Flavor | Version | Tinstall | Tcheck | Ttotal | Status | Flags | 
|---|---|---|---|---|---|---|
| r-devel-linux-x86_64-debian-clang | 0.0.4 | 37.18 | 25.74 | 62.92 | OK | |
| r-devel-linux-x86_64-debian-gcc | 0.0.4 | 28.29 | 22.39 | 50.68 | OK | |
| r-devel-linux-x86_64-fedora-clang | 0.0.4 | 38.00 | 66.04 | 104.04 | OK | |
| r-devel-linux-x86_64-fedora-gcc | 0.0.4 | 47.00 | 57.17 | 104.17 | OK | |
| r-devel-windows-x86_64 | 0.0.4 | 45.00 | 69.00 | 114.00 | OK | |
| r-patched-linux-x86_64 | 0.0.4 | 40.17 | 25.55 | 65.72 | OK | |
| r-release-linux-x86_64 | 0.0.4 | 38.53 | 25.39 | 63.92 | OK | |
| r-release-macos-arm64 | 0.0.4 | 16.00 | 16.00 | 32.00 | OK | |
| r-release-macos-x86_64 | 0.0.4 | 22.00 | 38.00 | 60.00 | OK | |
| r-release-windows-x86_64 | 0.0.4 | 43.00 | 70.00 | 113.00 | OK | |
| r-oldrel-macos-arm64 | 0.0.4 | 16.00 | 15.00 | 31.00 | NOTE | |
| r-oldrel-macos-x86_64 | 0.0.4 | 20.00 | 28.00 | 48.00 | NOTE | |
| r-oldrel-windows-x86_64 | 0.0.4 | 50.00 | 105.00 | 155.00 | OK | 
Version: 0.0.4
Check: installed package size
Result: NOTE
    installed size is  8.5Mb
    sub-directories of 1Mb or more:
      libs   8.1Mb
Flavors: r-oldrel-macos-arm64, r-oldrel-macos-x86_64