Last updated on 2025-11-24 07:50:14 CET.
| Flavor | Version | Tinstall | Tcheck | Ttotal | Status | Flags |
|---|---|---|---|---|---|---|
| r-devel-linux-x86_64-debian-clang | 3.9.3-2 | 3.39 | 24.18 | 27.57 | OK | |
| r-devel-linux-x86_64-debian-gcc | 3.9.3-2 | 2.76 | 19.11 | 21.87 | OK | |
| r-devel-linux-x86_64-fedora-clang | 3.9.3-2 | 43.02 | OK | |||
| r-devel-windows-x86_64 | 3.9.3-2 | 6.00 | 33.00 | 39.00 | OK | |
| r-patched-linux-x86_64 | 3.9.3-2 | 3.05 | 23.02 | 26.07 | OK | |
| r-release-linux-x86_64 | 3.9.3-2 | 2.66 | 23.19 | 25.85 | OK | |
| r-release-macos-arm64 | 3.9.3-2 | OK | ||||
| r-release-macos-x86_64 | 3.9.3-2 | 6.00 | 25.00 | 31.00 | OK | |
| r-release-windows-x86_64 | 3.9.3-2 | 5.00 | 31.00 | 36.00 | OK | |
| r-oldrel-macos-arm64 | 3.9.3-2 | NOTE | ||||
| r-oldrel-macos-x86_64 | 3.9.3-2 | 4.00 | 23.00 | 27.00 | NOTE | |
| r-oldrel-windows-x86_64 | 3.9.3-2 | 4.00 | 33.00 | 37.00 | NOTE |
Version: 3.9.3-2
Check: installed package size
Result: NOTE
installed size is 10.8Mb
sub-directories of 1Mb or more:
java 10.7Mb
Flavors: r-oldrel-macos-arm64, r-oldrel-macos-x86_64, r-oldrel-windows-x86_64