Last updated on 2024-05-11 12:48:15 CEST.
Flavor | Version | Tinstall | Tcheck | Ttotal | Status | Flags |
---|---|---|---|---|---|---|
r-devel-linux-x86_64-debian-clang | 0.4-46 | 10.87 | 115.64 | 126.51 | OK | |
r-devel-linux-x86_64-debian-gcc | 0.4-46 | 6.70 | 81.90 | 88.60 | OK | |
r-devel-linux-x86_64-fedora-clang | 0.4-46 | 163.53 | OK | |||
r-devel-linux-x86_64-fedora-gcc | 0.4-46 | 243.73 | OK | |||
r-devel-windows-x86_64 | 0.4-46 | 9.00 | 115.00 | 124.00 | OK | |
r-patched-linux-x86_64 | 0.4-46 | 9.58 | 107.83 | 117.41 | OK | |
r-release-linux-x86_64 | 0.4-46 | 10.47 | 110.14 | 120.61 | OK | |
r-release-macos-arm64 | 0.4-46 | 49.00 | OK | |||
r-release-windows-x86_64 | 0.4-46 | 8.00 | 112.00 | 120.00 | OK | |
r-oldrel-macos-arm64 | 0.4-46 | 58.00 | OK | |||
r-oldrel-macos-x86_64 | 0.4-46 | 78.00 | NOTE | |||
r-oldrel-windows-x86_64 | 0.4-46 | 10.00 | 118.00 | 128.00 | OK |
Version: 0.4-46
Check: package dependencies
Result: NOTE
Package suggested but not available for checking: ‘partykit’
Flavor: r-oldrel-macos-x86_64
Version: 0.4-46
Check: Rd cross-references
Result: NOTE
Package unavailable to check Rd xrefs: ‘partykit’
Flavor: r-oldrel-macos-x86_64