Last updated on 2025-02-21 13:51:01 CET.
Flavor | Version | Tinstall | Tcheck | Ttotal | Status | Flags |
---|---|---|---|---|---|---|
r-devel-linux-x86_64-debian-clang | 1.4.7 | 278.20 | 232.24 | 510.44 | NOTE | |
r-devel-linux-x86_64-debian-gcc | 1.4.7 | 193.33 | 153.72 | 347.05 | NOTE | |
r-devel-linux-x86_64-fedora-clang | 1.4.7 | 1560.04 | OK | |||
r-devel-linux-x86_64-fedora-gcc | 1.4.7 | 898.33 | OK | |||
r-devel-macos-arm64 | 1.4.7 | 212.00 | OK | |||
r-devel-macos-x86_64 | 1.4.7 | 348.00 | WARN | |||
r-devel-windows-x86_64 | 1.4.7 | 393.00 | 257.00 | 650.00 | NOTE | |
r-patched-linux-x86_64 | 1.4.7 | 281.33 | 221.84 | 503.17 | OK | |
r-release-linux-x86_64 | 1.4.7 | 267.69 | 219.73 | 487.42 | OK | |
r-release-macos-arm64 | 1.4.7 | 194.00 | NOTE | |||
r-release-macos-x86_64 | 1.4.7 | 246.00 | NOTE | |||
r-release-windows-x86_64 | 1.4.7 | 386.00 | 250.00 | 636.00 | OK | |
r-oldrel-macos-arm64 | 1.4.7 | 215.00 | NOTE | |||
r-oldrel-macos-x86_64 | 1.4.7 | 331.00 | NOTE | |||
r-oldrel-windows-x86_64 | 1.4.7 | 354.00 | 331.00 | 685.00 | OK |
Version: 1.4.7
Check: Rd cross-references
Result: NOTE
Found the following Rd file(s) with Rd \link{} targets missing package
anchors:
iwlsm.Rd: lqs
plot.sienaTimeTest.Rd: xyplot
sienaDependent.Rd: Matrix
Please provide package anchors for all Rd \link{} targets not in the
package itself and the base packages.
Flavors: r-devel-linux-x86_64-debian-clang, r-devel-linux-x86_64-debian-gcc, r-devel-windows-x86_64
Version: 1.4.7
Check: package subdirectories
Result: WARN
Invalid citation information in ‘inst/CITATION’:
Error in if (any(ind <- (names(comment) == "ROR"))) { ids <- comment[ind] bad <- which(!tools:::.ROR_ID_is_valid(ids)) if (length(bad)) { warning(sprintf(ngettext(length(bad), "Invalid ROR ID: %s.", "Invalid ROR IDs: %s."), paste(sQuote(ids[bad]), collapse = ", ")), domain = NA) }}: missing value where TRUE/FALSE needed
Flavor: r-devel-macos-x86_64
Version: 1.4.7
Check: installed package size
Result: NOTE
installed size is 26.4Mb
sub-directories of 1Mb or more:
R 1.1Mb
libs 24.9Mb
Flavors: r-release-macos-arm64, r-release-macos-x86_64, r-oldrel-macos-arm64, r-oldrel-macos-x86_64