CRAN Package Check Results for Package RRedshiftSQL

Last updated on 2025-03-31 12:52:54 CEST.

Flavor Version Tinstall Tcheck Ttotal Status Flags
r-devel-linux-x86_64-debian-clang 0.1.2 3.18 23.98 27.16 OK
r-devel-linux-x86_64-debian-gcc 0.1.2 2.32 18.81 21.13 OK
r-devel-linux-x86_64-fedora-clang 0.1.2 44.18 OK
r-devel-linux-x86_64-fedora-gcc 0.1.2 42.34 OK
r-devel-macos-arm64 0.1.2 17.00 OK
r-devel-macos-x86_64 0.1.2 41.00 OK
r-devel-windows-x86_64 0.1.2 4.00 43.00 47.00 OK
r-patched-linux-x86_64 0.1.2 3.20 23.47 26.67 OK
r-release-linux-x86_64 0.1.2 2.67 22.83 25.50 NOTE
r-release-macos-arm64 0.1.2 18.00 NOTE
r-release-macos-x86_64 0.1.2 40.00 NOTE
r-release-windows-x86_64 0.1.2 3.00 43.00 46.00 NOTE
r-oldrel-macos-arm64 0.1.2 NOTE
r-oldrel-macos-x86_64 0.1.2 23.00 NOTE
r-oldrel-windows-x86_64 0.1.2 4.00 47.00 51.00 NOTE

Check Details

Version: 0.1.2
Check: LazyData
Result: NOTE 'LazyData' is specified without a 'data' directory Flavors: r-release-linux-x86_64, r-release-macos-arm64, r-release-macos-x86_64, r-release-windows-x86_64, r-oldrel-macos-arm64, r-oldrel-macos-x86_64, r-oldrel-windows-x86_64