Last updated on 2025-11-04 07:50:06 CET.
| Flavor | Version | Tinstall | Tcheck | Ttotal | Status | Flags | 
|---|---|---|---|---|---|---|
| r-devel-linux-x86_64-debian-clang | 1.2.5 | 2.90 | 44.96 | 47.86 | NOTE | |
| r-devel-linux-x86_64-debian-gcc | 1.2.5 | 2.23 | 32.69 | 34.92 | NOTE | |
| r-devel-linux-x86_64-fedora-clang | 1.2.5 | 75.40 | OK | |||
| r-devel-linux-x86_64-fedora-gcc | 1.2.5 | 82.38 | OK | |||
| r-devel-windows-x86_64 | 1.2.5 | 6.00 | 62.00 | 68.00 | OK | |
| r-patched-linux-x86_64 | 1.2.5 | 3.16 | 41.00 | 44.16 | OK | |
| r-release-linux-x86_64 | 1.2.5 | 2.57 | 42.01 | 44.58 | OK | |
| r-release-macos-arm64 | 1.2.5 | 2.00 | 41.00 | 43.00 | OK | |
| r-release-macos-x86_64 | 1.2.5 | 3.00 | 73.00 | 76.00 | OK | |
| r-release-windows-x86_64 | 1.2.5 | 5.00 | 60.00 | 65.00 | OK | |
| r-oldrel-macos-arm64 | 1.2.5 | 1.00 | 25.00 | 26.00 | OK | |
| r-oldrel-macos-x86_64 | 1.2.5 | 2.00 | 39.00 | 41.00 | OK | |
| r-oldrel-windows-x86_64 | 1.2.5 | 6.00 | 73.00 | 79.00 | OK | 
Version: 1.2.5
Check: CRAN incoming feasibility
Result: NOTE
  Maintainer: ‘Anthony Christidis <anthony.christidis@stat.ubc.ca>’
  
  No Authors@R field in DESCRIPTION.
  Please add one, modifying
    Authors@R: c(person(given = "Anthony",
                        family = "Christidis",
                        role = c("aut", "cre"),
                        email = "anthony.christidis@stat.ubc.ca"),
                 person(given = "Xin",
                        family = "Chen",
                        role = "aut",
                        email = "chenx26@uw.edu"))
  as necessary.
Flavors: r-devel-linux-x86_64-debian-clang, r-devel-linux-x86_64-debian-gcc