CRAN Package Check Results for Package ROpenWeatherMap

Last updated on 2025-02-21 13:51:01 CET.

Flavor Version Tinstall Tcheck Ttotal Status Flags
r-devel-linux-x86_64-debian-clang 1.1 2.16 22.85 25.01 OK
r-devel-linux-x86_64-debian-gcc 1.1 1.79 18.72 20.51 OK
r-devel-linux-x86_64-fedora-clang 1.1 42.13 OK
r-devel-linux-x86_64-fedora-gcc 1.1 38.74 OK
r-devel-macos-arm64 1.1 17.00 OK
r-devel-macos-x86_64 1.1 30.00 OK
r-devel-windows-x86_64 1.1 4.00 48.00 52.00 OK
r-patched-linux-x86_64 1.1 2.33 21.67 24.00 NOTE
r-release-linux-x86_64 1.1 2.19 21.67 23.86 NOTE
r-release-macos-arm64 1.1 14.00 NOTE
r-release-macos-x86_64 1.1 23.00 NOTE
r-release-windows-x86_64 1.1 4.00 42.00 46.00 NOTE
r-oldrel-macos-arm64 1.1 16.00 NOTE
r-oldrel-macos-x86_64 1.1 22.00 NOTE
r-oldrel-windows-x86_64 1.1 4.00 51.00 55.00 NOTE

Check Details

Version: 1.1
Check: LazyData
Result: NOTE 'LazyData' is specified without a 'data' directory Flavors: r-patched-linux-x86_64, r-release-linux-x86_64, r-release-macos-arm64, r-release-macos-x86_64, r-release-windows-x86_64, r-oldrel-macos-arm64, r-oldrel-macos-x86_64, r-oldrel-windows-x86_64