Last updated on 2025-11-04 07:50:06 CET.
| Flavor | Version | Tinstall | Tcheck | Ttotal | Status | Flags | 
|---|---|---|---|---|---|---|
| r-devel-linux-x86_64-debian-clang | 1.1.0 | 6.39 | 75.02 | 81.41 | NOTE | |
| r-devel-linux-x86_64-debian-gcc | 1.1.0 | 4.78 | 55.05 | 59.83 | NOTE | |
| r-devel-linux-x86_64-fedora-clang | 1.1.0 | 14.00 | 115.09 | 129.09 | OK | |
| r-devel-linux-x86_64-fedora-gcc | 1.1.0 | 14.00 | 123.63 | 137.63 | OK | |
| r-devel-windows-x86_64 | 1.1.0 | 7.00 | 84.00 | 91.00 | OK | |
| r-patched-linux-x86_64 | 1.1.0 | 5.92 | 70.48 | 76.40 | OK | |
| r-release-linux-x86_64 | 1.1.0 | 6.00 | 70.15 | 76.15 | OK | |
| r-release-macos-arm64 | 1.1.0 | 4.00 | 58.00 | 62.00 | OK | |
| r-release-macos-x86_64 | 1.1.0 | 5.00 | 85.00 | 90.00 | OK | |
| r-release-windows-x86_64 | 1.1.0 | 7.00 | 87.00 | 94.00 | OK | |
| r-oldrel-macos-arm64 | 1.1.0 | 3.00 | 42.00 | 45.00 | NOTE | |
| r-oldrel-macos-x86_64 | 1.1.0 | 4.00 | 62.00 | 66.00 | NOTE | |
| r-oldrel-windows-x86_64 | 1.1.0 | 10.00 | 100.00 | 110.00 | NOTE | 
Version: 1.1.0
Check: CRAN incoming feasibility
Result: NOTE
  Maintainer: ‘Ruizhe Chen <rchen18@uic.edu>’
  
  No Authors@R field in DESCRIPTION.
  Please add one, modifying
    Authors@R: c(person(given = "Hesen",
                        family = "Li",
                        role = "aut"),
                 person(given = "Ruizhe",
                        family = "Chen",
                        role = c("aut", "cre"),
                        email = "rchen18@uic.edu"),
                 person(given = "Hai",
                        family = "Nguyen",
                        role = "aut"),
                 person(given = "Yu-Che",
                        family = "Chung",
                        role = "aut"),
                 person(given = "Ran",
                        family = "Gao",
                        role = "aut"),
                 person(given = "Hakan",
                        family = "Demirtas",
                        role = "aut"))
  as necessary.
Flavors: r-devel-linux-x86_64-debian-clang, r-devel-linux-x86_64-debian-gcc
Version: 1.1.0
Check: LazyData
Result: NOTE
    'LazyData' is specified without a 'data' directory
Flavors: r-oldrel-macos-arm64, r-oldrel-macos-x86_64, r-oldrel-windows-x86_64