Last updated on 2025-11-04 07:50:06 CET.
| Flavor | Version | Tinstall | Tcheck | Ttotal | Status | Flags | 
|---|---|---|---|---|---|---|
| r-devel-linux-x86_64-debian-clang | 1.0.0 | 5.45 | 125.51 | 130.96 | OK | |
| r-devel-linux-x86_64-debian-gcc | 1.0.0 | 3.53 | 75.60 | 79.13 | OK | |
| r-devel-linux-x86_64-fedora-clang | 1.0.0 | 14.00 | 188.46 | 202.46 | OK | |
| r-devel-linux-x86_64-fedora-gcc | 1.0.0 | 12.00 | 191.80 | 203.80 | OK | |
| r-devel-windows-x86_64 | 1.0.0 | 9.00 | 118.00 | 127.00 | OK | |
| r-patched-linux-x86_64 | 1.0.0 | 5.91 | 118.02 | 123.93 | OK | |
| r-release-linux-x86_64 | 1.0.0 | 5.19 | 109.93 | 115.12 | OK | |
| r-release-macos-arm64 | 1.0.0 | 2.00 | 49.00 | 51.00 | OK | |
| r-release-macos-x86_64 | 1.0.0 | 5.00 | 106.00 | 111.00 | OK | |
| r-release-windows-x86_64 | 1.0.0 | 8.00 | 115.00 | 123.00 | OK | |
| r-oldrel-macos-arm64 | 1.0.0 | 2.00 | 55.00 | 57.00 | WARN | |
| r-oldrel-macos-x86_64 | 1.0.0 | 5.00 | 115.00 | 120.00 | WARN | |
| r-oldrel-windows-x86_64 | 1.0.0 | 10.00 | 162.00 | 172.00 | OK | 
Version: 1.0.0
Check: DESCRIPTION meta-information
Result: WARN
  Non-standard license specification:
    EUPL-1.2
  Standardizable: FALSE
Flavors: r-oldrel-macos-arm64, r-oldrel-macos-x86_64