Last updated on 2024-05-12 13:57:00 CEST.
Flavor | Version | Tinstall | Tcheck | Ttotal | Status | Flags |
---|---|---|---|---|---|---|
r-devel-linux-x86_64-debian-clang | 1.0.2 | 0.52 | 2.25 | 2.77 | ERROR | |
r-devel-linux-x86_64-debian-gcc | 1.0.2 | 4.43 | 335.54 | 339.97 | OK | |
r-devel-linux-x86_64-fedora-clang | 1.0.2 | 625.71 | OK | |||
r-devel-linux-x86_64-fedora-gcc | 1.0.2 | 611.25 | OK | |||
r-devel-windows-x86_64 | 1.0.2 | 6.00 | 291.00 | 297.00 | OK | |
r-patched-linux-x86_64 | 1.0.2 | 0.57 | 2.05 | 2.62 | ERROR | |
r-release-linux-x86_64 | 1.0.2 | 0.56 | 2.07 | 2.63 | ERROR | |
r-release-macos-arm64 | 1.0.2 | 100.00 | OK | |||
r-release-windows-x86_64 | 1.0.2 | 7.00 | 303.00 | 310.00 | OK | |
r-oldrel-macos-arm64 | 1.0.2 | 116.00 | OK | |||
r-oldrel-macos-x86_64 | 1.0.2 | 246.00 | OK | |||
r-oldrel-windows-x86_64 | 1.0.2 | 7.00 | 430.00 | 437.00 | OK |
Version: 1.0.2
Check: package dependencies
Result: ERROR
Package required but not available: ‘RMark’
See section ‘The DESCRIPTION file’ in the ‘Writing R Extensions’
manual.
Flavors: r-devel-linux-x86_64-debian-clang, r-patched-linux-x86_64, r-release-linux-x86_64