Last updated on 2025-11-24 07:50:10 CET.
| Flavor | Version | Tinstall | Tcheck | Ttotal | Status | Flags |
|---|---|---|---|---|---|---|
| r-devel-linux-x86_64-debian-clang | 2.1-23 | 3.37 | 45.60 | 48.97 | NOTE | |
| r-devel-linux-x86_64-debian-gcc | 2.1-23 | 2.75 | 34.98 | 37.73 | NOTE | |
| r-devel-linux-x86_64-fedora-clang | 2.1-23 | 74.86 | OK | |||
| r-devel-windows-x86_64 | 2.1-23 | 7.00 | 74.00 | 81.00 | OK | |
| r-patched-linux-x86_64 | 2.1-23 | 4.58 | 42.91 | 47.49 | NOTE | |
| r-release-linux-x86_64 | 2.1-23 | 3.22 | 42.55 | 45.77 | NOTE | |
| r-release-macos-arm64 | 2.1-23 | OK | ||||
| r-release-macos-x86_64 | 2.1-23 | 4.00 | 129.00 | 133.00 | OK | |
| r-release-windows-x86_64 | 2.1-23 | 5.00 | 92.00 | 97.00 | OK | |
| r-oldrel-macos-arm64 | 2.1-23 | NOTE | ||||
| r-oldrel-macos-x86_64 | 2.1-23 | 4.00 | 124.00 | 128.00 | NOTE | |
| r-oldrel-windows-x86_64 | 2.1-23 | 7.00 | 80.00 | 87.00 | NOTE |
Version: 2.1-23
Check: R code for possible problems
Result: NOTE
Found the following calls to attach():
File ‘R2WinBUGS/R/attach.all.R’:
attach(x, name = name)
See section ‘Good practice’ in ‘?attach’.
Flavors: r-devel-linux-x86_64-debian-clang, r-devel-linux-x86_64-debian-gcc, r-patched-linux-x86_64, r-release-linux-x86_64
Version: 2.1-23
Check: package dependencies
Result: NOTE
Package suggested but not available for checking: ‘BRugs’
Flavors: r-oldrel-macos-arm64, r-oldrel-macos-x86_64, r-oldrel-windows-x86_64