CRAN Package Check Results for Package R.devices

Last updated on 2025-06-30 15:49:47 CEST.

Flavor Version Tinstall Tcheck Ttotal Status Flags
r-devel-linux-x86_64-debian-clang 2.17.2 4.25 60.03 64.28 OK
r-devel-linux-x86_64-debian-gcc 2.17.2 2.98 44.38 47.36 OK
r-devel-linux-x86_64-fedora-clang 2.17.2 101.34 OK
r-devel-linux-x86_64-fedora-gcc 2.17.2 114.88 OK
r-devel-windows-x86_64 2.17.2 5.00 99.00 104.00 OK
r-patched-linux-x86_64 OK
r-release-linux-x86_64 2.17.2 3.17 56.99 60.16 OK
r-release-macos-arm64 2.17.2 64.00 OK
r-release-macos-x86_64 2.17.2 114.00 OK
r-release-windows-x86_64 2.17.2 7.00 101.00 108.00 OK
r-oldrel-macos-arm64 2.17.2 40.00 OK
r-oldrel-macos-x86_64 2.17.2 48.00 NOTE
r-oldrel-windows-x86_64 2.17.2 7.00 112.00 119.00 OK

Check Details

Version: 2.17.2
Check: package vignettes
Result: NOTE Package has ‘vignettes’ subdirectory but apparently no vignettes. Perhaps the ‘VignetteBuilder’ information is missing from the DESCRIPTION file? Flavor: r-oldrel-macos-x86_64