Last updated on 2025-11-03 07:48:47 CET.
| Flavor | Version | Tinstall | Tcheck | Ttotal | Status | Flags | 
|---|---|---|---|---|---|---|
| r-devel-linux-x86_64-debian-clang | 0.1.3 | 11.96 | 336.28 | 348.24 | OK | |
| r-devel-linux-x86_64-debian-gcc | 0.1.4 | 8.10 | 254.55 | 262.65 | OK | |
| r-devel-linux-x86_64-fedora-clang | 0.1.4 | 22.00 | 395.13 | 417.13 | OK | |
| r-devel-linux-x86_64-fedora-gcc | 0.1.3 | 14.00 | 209.73 | 223.73 | OK | |
| r-devel-windows-x86_64 | 0.1.4 | 19.00 | 220.00 | 239.00 | OK | |
| r-patched-linux-x86_64 | 0.1.3 | 12.26 | 295.07 | 307.33 | OK | |
| r-release-linux-x86_64 | 0.1.3 | 9.78 | 294.69 | 304.47 | OK | |
| r-release-macos-arm64 | 0.1.4 | 5.00 | 128.00 | 133.00 | OK | |
| r-release-macos-x86_64 | 0.1.4 | 13.00 | 197.00 | 210.00 | OK | |
| r-release-windows-x86_64 | 0.1.3 | 16.00 | 209.00 | 225.00 | OK | |
| r-oldrel-macos-arm64 | 0.1.4 | 6.00 | 64.00 | 70.00 | ERROR | |
| r-oldrel-macos-x86_64 | 0.1.4 | 11.00 | 140.00 | 151.00 | ERROR | |
| r-oldrel-windows-x86_64 | 0.1.4 | 13.00 | 141.00 | 154.00 | ERROR | 
Version: 0.1.4
Check: tests
Result: ERROR
    Running ‘testthat.R’ [2s/2s]
  Running the tests in ‘tests/testthat.R’ failed.
  Complete output:
    > if (requireNamespace("testthat", quietly = TRUE)) {
    +   library(testthat)
    +   library(PortfolioTesteR)
    +   test_check("PortfolioTesteR")
    + } else {
    +   message("Skipping tests: 'testthat' not installed")
    + }
    [ FAIL 1 | WARN 0 | SKIP 3 | PASS 55 ]
    
    ══ Skipped tests (3) ═══════════════════════════════════════════════════════════
    • On CRAN (3): 'test-optimization.R:2:3', 'test-optimization.R:46:3',
      'test-walk-forward.R:2:3'
    
    ══ Failed tests ════════════════════════════════════════════════════════════════
    ── Error ('test-ml-helpers.R:92:3'): backtest invariants hold on active dates (smoke, linear) ──
    Error in `.roll_align_common(c(features_list, list(label)))`: No common dates across panels.
    Backtrace:
        ▆
     1. └─PortfolioTesteR::ml_backtest(...) at test-ml-helpers.R:92:3
     2.   └─PortfolioTesteR::roll_fit_predict(...)
     3.     └─PortfolioTesteR:::.roll_align_common(c(features_list, list(label)))
    
    [ FAIL 1 | WARN 0 | SKIP 3 | PASS 55 ]
    Error: Test failures
    Execution halted
Flavor: r-oldrel-macos-arm64
Version: 0.1.4
Check: re-building of vignette outputs
Result: ERROR
  Error(s) in re-building vignettes:
  --- re-building ‘Getting_Started_Advanced.Rmd’ using rmarkdown
  
  Quitting from Getting_Started_Advanced.Rmd:84-108 [baseline_pooled]
  ~~~~~~~~~~~~~~~~~~~~~~~~~~~~~~~~~~~~~~~~~~~~~~~~~~~~~~~~~~~~~~~~~~~~~~~~~~~~~~~~
  <error/rlang_error>
  Error in `.roll_align_common()`:
  ! No common dates across panels.
  ---
  Backtrace:
      ▆
   1. └─PortfolioTesteR::ml_backtest(...)
   2.   └─PortfolioTesteR::roll_fit_predict(...)
   3.     └─PortfolioTesteR:::.roll_align_common(c(features_list, list(label)))
  ~~~~~~~~~~~~~~~~~~~~~~~~~~~~~~~~~~~~~~~~~~~~~~~~~~~~~~~~~~~~~~~~~~~~~~~~~~~~~~~~
  
  Error: processing vignette 'Getting_Started_Advanced.Rmd' failed with diagnostics:
  No common dates across panels.
  --- failed re-building ‘Getting_Started_Advanced.Rmd’
  
  --- re-building ‘getting-started.Rmd’ using rmarkdown
  --- finished re-building ‘getting-started.Rmd’
  
  --- re-building ‘optimization-walkforward.Rmd’ using rmarkdown
  --- finished re-building ‘optimization-walkforward.Rmd’
  
  SUMMARY: processing the following file failed:
    ‘Getting_Started_Advanced.Rmd’
  
  Error: Vignette re-building failed.
  Execution halted
Flavors: r-oldrel-macos-arm64, r-oldrel-macos-x86_64, r-oldrel-windows-x86_64
Version: 0.1.4
Check: tests
Result: ERROR
    Running ‘testthat.R’ [4s/6s]
  Running the tests in ‘tests/testthat.R’ failed.
  Complete output:
    > if (requireNamespace("testthat", quietly = TRUE)) {
    +   library(testthat)
    +   library(PortfolioTesteR)
    +   test_check("PortfolioTesteR")
    + } else {
    +   message("Skipping tests: 'testthat' not installed")
    + }
    [ FAIL 1 | WARN 0 | SKIP 3 | PASS 55 ]
    
    ══ Skipped tests (3) ═══════════════════════════════════════════════════════════
    • On CRAN (3): 'test-optimization.R:2:3', 'test-optimization.R:46:3',
      'test-walk-forward.R:2:3'
    
    ══ Failed tests ════════════════════════════════════════════════════════════════
    ── Error ('test-ml-helpers.R:92:3'): backtest invariants hold on active dates (smoke, linear) ──
    Error in `.roll_align_common(c(features_list, list(label)))`: No common dates across panels.
    Backtrace:
        ▆
     1. └─PortfolioTesteR::ml_backtest(...) at test-ml-helpers.R:92:3
     2.   └─PortfolioTesteR::roll_fit_predict(...)
     3.     └─PortfolioTesteR:::.roll_align_common(c(features_list, list(label)))
    
    [ FAIL 1 | WARN 0 | SKIP 3 | PASS 55 ]
    Error: Test failures
    Execution halted
Flavor: r-oldrel-macos-x86_64
Version: 0.1.4
Check: tests
Result: ERROR
    Running 'testthat.R' [5s]
  Running the tests in 'tests/testthat.R' failed.
  Complete output:
    > if (requireNamespace("testthat", quietly = TRUE)) {
    +   library(testthat)
    +   library(PortfolioTesteR)
    +   test_check("PortfolioTesteR")
    + } else {
    +   message("Skipping tests: 'testthat' not installed")
    + }
    [ FAIL 1 | WARN 0 | SKIP 3 | PASS 55 ]
    
    ══ Skipped tests (3) ═══════════════════════════════════════════════════════════
    • On CRAN (3): 'test-optimization.R:2:3', 'test-optimization.R:46:3',
      'test-walk-forward.R:2:3'
    
    ══ Failed tests ════════════════════════════════════════════════════════════════
    ── Error ('test-ml-helpers.R:92:3'): backtest invariants hold on active dates (smoke, linear) ──
    Error in `.roll_align_common(c(features_list, list(label)))`: No common dates across panels.
    Backtrace:
        ▆
     1. └─PortfolioTesteR::ml_backtest(...) at test-ml-helpers.R:92:3
     2.   └─PortfolioTesteR::roll_fit_predict(...)
     3.     └─PortfolioTesteR:::.roll_align_common(c(features_list, list(label)))
    
    [ FAIL 1 | WARN 0 | SKIP 3 | PASS 55 ]
    Error: Test failures
    Execution halted
Flavor: r-oldrel-windows-x86_64