Last updated on 2025-02-21 13:50:59 CET.
Flavor | Version | Tinstall | Tcheck | Ttotal | Status | Flags |
---|---|---|---|---|---|---|
r-devel-linux-x86_64-debian-clang | 1.5.1 | 2.41 | 84.55 | 86.96 | NOTE | |
r-devel-linux-x86_64-debian-gcc | 1.5.1 | 1.89 | 64.57 | 66.46 | NOTE | |
r-devel-linux-x86_64-fedora-clang | 1.5.1 | 137.62 | NOTE | |||
r-devel-linux-x86_64-fedora-gcc | 1.5.1 | 149.81 | NOTE | |||
r-devel-macos-arm64 | 1.5.1 | 44.00 | OK | |||
r-devel-macos-x86_64 | 1.5.1 | 91.00 | NOTE | |||
r-devel-windows-x86_64 | 1.5.1 | 4.00 | 100.00 | 104.00 | NOTE | |
r-patched-linux-x86_64 | 1.5.1 | 2.63 | 80.80 | 83.43 | OK | |
r-release-linux-x86_64 | 1.5.1 | 2.37 | 83.47 | 85.84 | OK | |
r-release-macos-arm64 | 1.5.1 | 54.00 | OK | |||
r-release-macos-x86_64 | 1.5.1 | 105.00 | OK | |||
r-release-windows-x86_64 | 1.5.1 | 5.00 | 98.00 | 103.00 | OK | |
r-oldrel-macos-arm64 | 1.5.1 | 42.00 | OK | |||
r-oldrel-macos-x86_64 | 1.5.1 | 72.00 | OK | |||
r-oldrel-windows-x86_64 | 1.5.1 | 5.00 | 111.00 | 116.00 | OK |
Version: 1.5.1
Check: tests
Result: NOTE
Running ‘test-07-member.R’ [1s/1s]
Running ‘testDeficit.R’ [3s/4s]
Comparing ‘testDeficit.Rout’ to ‘testDeficit.Rout.save’ ...100,105c100,105
< Min. :-8.190e-06 Min. :-0.0278874 Min. :-6.800e-03
< 1st Qu.: 0.000e+00 1st Qu.:-0.0000158 1st Qu.:-6.298e-06
< Median : 0.000e+00 Median : 0.0000000 Median : 4.575e-03
< Mean : 1.111e-02 Mean :-0.0011243 Mean : 1.963e-02
< 3rd Qu.: 0.000e+00 3rd Qu.: 0.0000000 3rd Qu.: 4.788e-02
< Max. : 4.000e-01 Max. : 0.0316256 Max. : 5.996e-02
---
> Min. :-0.0000082 Min. :-2.789e-02 Min. :-0.0067999
> 1st Qu.: 0.0000000 1st Qu.:-1.579e-05 1st Qu.:-0.0000063
> Median : 0.0000000 Median : 0.000e+00 Median : 0.0045747
> Mean : 0.0111090 Mean :-1.124e-03 Mean : 0.0196263
> 3rd Qu.: 0.0000000 3rd Qu.: 0.000e+00 3rd Qu.: 0.0478768
> Max. : 0.3999611 Max. : 3.163e-02 Max. : 0.0599644
Running ‘testXform.R’ [1s/1s]
Comparing ‘testXform.Rout’ to ‘testXform.Rout.save’ ... OK
Flavor: r-devel-linux-x86_64-debian-clang
Version: 1.5.1
Check: tests
Result: NOTE
Running ‘test-07-member.R’ [0s/1s]
Running ‘testDeficit.R’ [2s/2s]
Comparing ‘testDeficit.Rout’ to ‘testDeficit.Rout.save’ ...100,105c100,105
< Min. :-8.190e-06 Min. :-0.0278874 Min. :-6.800e-03
< 1st Qu.: 0.000e+00 1st Qu.:-0.0000158 1st Qu.:-6.298e-06
< Median : 0.000e+00 Median : 0.0000000 Median : 4.575e-03
< Mean : 1.111e-02 Mean :-0.0011243 Mean : 1.963e-02
< 3rd Qu.: 0.000e+00 3rd Qu.: 0.0000000 3rd Qu.: 4.788e-02
< Max. : 4.000e-01 Max. : 0.0316256 Max. : 5.996e-02
---
> Min. :-0.0000082 Min. :-2.789e-02 Min. :-0.0067999
> 1st Qu.: 0.0000000 1st Qu.:-1.579e-05 1st Qu.:-0.0000063
> Median : 0.0000000 Median : 0.000e+00 Median : 0.0045747
> Mean : 0.0111090 Mean :-1.124e-03 Mean : 0.0196263
> 3rd Qu.: 0.0000000 3rd Qu.: 0.000e+00 3rd Qu.: 0.0478768
> Max. : 0.3999611 Max. : 3.163e-02 Max. : 0.0599644
Running ‘testXform.R’ [0s/1s]
Comparing ‘testXform.Rout’ to ‘testXform.Rout.save’ ... OK
Flavor: r-devel-linux-x86_64-debian-gcc
Version: 1.5.1
Check: tests
Result: NOTE
Running ‘test-07-member.R’
Running ‘testDeficit.R’ [6s/14s]
Comparing ‘testDeficit.Rout’ to ‘testDeficit.Rout.save’ ...100,105c100,105
< Min. :-8.190e-06 Min. :-0.0278874 Min. :-6.800e-03
< 1st Qu.: 0.000e+00 1st Qu.:-0.0000158 1st Qu.:-6.298e-06
< Median : 0.000e+00 Median : 0.0000000 Median : 4.575e-03
< Mean : 1.111e-02 Mean :-0.0011243 Mean : 1.963e-02
< 3rd Qu.: 0.000e+00 3rd Qu.: 0.0000000 3rd Qu.: 4.788e-02
< Max. : 4.000e-01 Max. : 0.0316256 Max. : 5.996e-02
---
> Min. :-0.0000082 Min. :-2.789e-02 Min. :-0.0067999
> 1st Qu.: 0.0000000 1st Qu.:-1.579e-05 1st Qu.:-0.0000063
> Median : 0.0000000 Median : 0.000e+00 Median : 0.0045747
> Mean : 0.0111090 Mean :-1.124e-03 Mean : 0.0196263
> 3rd Qu.: 0.0000000 3rd Qu.: 0.000e+00 3rd Qu.: 0.0478768
> Max. : 0.3999611 Max. : 3.163e-02 Max. : 0.0599644
Running ‘testXform.R’
Comparing ‘testXform.Rout’ to ‘testXform.Rout.save’ ... OK
Flavor: r-devel-linux-x86_64-fedora-clang
Version: 1.5.1
Check: tests
Result: NOTE
Running ‘test-07-member.R’
Running ‘testDeficit.R’ [6s/10s]
Comparing ‘testDeficit.Rout’ to ‘testDeficit.Rout.save’ ...100,105c100,105
< Min. :-8.190e-06 Min. :-0.0278874 Min. :-6.800e-03
< 1st Qu.: 0.000e+00 1st Qu.:-0.0000158 1st Qu.:-6.298e-06
< Median : 0.000e+00 Median : 0.0000000 Median : 4.575e-03
< Mean : 1.111e-02 Mean :-0.0011243 Mean : 1.963e-02
< 3rd Qu.: 0.000e+00 3rd Qu.: 0.0000000 3rd Qu.: 4.788e-02
< Max. : 4.000e-01 Max. : 0.0316256 Max. : 5.996e-02
---
> Min. :-0.0000082 Min. :-2.789e-02 Min. :-0.0067999
> 1st Qu.: 0.0000000 1st Qu.:-1.579e-05 1st Qu.:-0.0000063
> Median : 0.0000000 Median : 0.000e+00 Median : 0.0045747
> Mean : 0.0111090 Mean :-1.124e-03 Mean : 0.0196263
> 3rd Qu.: 0.0000000 3rd Qu.: 0.000e+00 3rd Qu.: 0.0478768
> Max. : 0.3999611 Max. : 3.163e-02 Max. : 0.0599644
Running ‘testXform.R’
Comparing ‘testXform.Rout’ to ‘testXform.Rout.save’ ... OK
Flavor: r-devel-linux-x86_64-fedora-gcc
Version: 1.5.1
Check: tests
Result: NOTE
Running ‘test-07-member.R’ [0s/0s]
Running ‘testDeficit.R’ [2s/2s]
Comparing ‘testDeficit.Rout’ to ‘testDeficit.Rout.save’ ...100,105c100,105
< Min. :-8.190e-06 Min. :-0.0278874 Min. :-6.800e-03
< 1st Qu.: 0.000e+00 1st Qu.:-0.0000158 1st Qu.:-6.298e-06
< Median : 0.000e+00 Median : 0.0000000 Median : 4.575e-03
< Mean : 1.111e-02 Mean :-0.0011243 Mean : 1.963e-02
< 3rd Qu.: 0.000e+00 3rd Qu.: 0.0000000 3rd Qu.: 4.788e-02
< Max. : 4.000e-01 Max. : 0.0316256 Max. : 5.996e-02
---
> Min. :-0.0000082 Min. :-2.789e-02 Min. :-0.0067999
> 1st Qu.: 0.0000000 1st Qu.:-1.579e-05 1st Qu.:-0.0000063
> Median : 0.0000000 Median : 0.000e+00 Median : 0.0045747
> Mean : 0.0111090 Mean :-1.124e-03 Mean : 0.0196263
> 3rd Qu.: 0.0000000 3rd Qu.: 0.000e+00 3rd Qu.: 0.0478768
> Max. : 0.3999611 Max. : 3.163e-02 Max. : 0.0599644
Running ‘testXform.R’ [0s/0s]
Comparing ‘testXform.Rout’ to ‘testXform.Rout.save’ ... OK
Flavor: r-devel-macos-x86_64
Version: 1.5.1
Check: tests
Result: NOTE
Running 'test-07-member.R' [1s]
Running 'testDeficit.R' [3s]
Comparing 'testDeficit.Rout' to 'testDeficit.Rout.save' ...100,105c100,105
< Min. :-8.190e-06 Min. :-0.0278874 Min. :-6.800e-03
< 1st Qu.: 0.000e+00 1st Qu.:-0.0000158 1st Qu.:-6.298e-06
< Median : 0.000e+00 Median : 0.0000000 Median : 4.575e-03
< Mean : 1.111e-02 Mean :-0.0011243 Mean : 1.963e-02
< 3rd Qu.: 0.000e+00 3rd Qu.: 0.0000000 3rd Qu.: 4.788e-02
< Max. : 4.000e-01 Max. : 0.0316256 Max. : 5.996e-02
---
> Min. :-0.0000082 Min. :-2.789e-02 Min. :-0.0067999
> 1st Qu.: 0.0000000 1st Qu.:-1.579e-05 1st Qu.:-0.0000063
> Median : 0.0000000 Median : 0.000e+00 Median : 0.0045747
> Mean : 0.0111090 Mean :-1.124e-03 Mean : 0.0196263
> 3rd Qu.: 0.0000000 3rd Qu.: 0.000e+00 3rd Qu.: 0.0478768
> Max. : 0.3999611 Max. : 3.163e-02 Max. : 0.0599644
Running 'testXform.R' [1s]
Comparing 'testXform.Rout' to 'testXform.Rout.save' ... OK
Flavor: r-devel-windows-x86_64