Last updated on 2025-02-21 13:50:58 CET.
Flavor | Version | Tinstall | Tcheck | Ttotal | Status | Flags |
---|---|---|---|---|---|---|
r-devel-linux-x86_64-debian-clang | 1.7.2 | 0.70 | 1.72 | 2.42 | ERROR | |
r-devel-linux-x86_64-debian-gcc | 1.7.2 | 0.42 | 1.37 | 1.79 | ERROR | |
r-devel-linux-x86_64-fedora-clang | 1.7.2 | 803.02 | OK | |||
r-devel-linux-x86_64-fedora-gcc | 1.7.2 | 769.04 | OK | |||
r-devel-macos-arm64 | 1.7.2 | 198.00 | OK | |||
r-devel-macos-x86_64 | 1.7.2 | 432.00 | OK | |||
r-devel-windows-x86_64 | 1.7.2 | 53.00 | 340.00 | 393.00 | OK | |
r-patched-linux-x86_64 | 1.7.2 | 51.64 | 382.90 | 434.54 | OK | |
r-release-linux-x86_64 | 1.7.2 | 45.92 | 385.22 | 431.14 | OK | |
r-release-macos-arm64 | 1.7.2 | 184.00 | OK | |||
r-release-macos-x86_64 | 1.7.2 | 280.00 | OK | |||
r-release-windows-x86_64 | 1.7.2 | 50.00 | 334.00 | 384.00 | OK | |
r-oldrel-macos-arm64 | 1.7.2 | 5.00 | ERROR | |||
r-oldrel-macos-x86_64 | 1.7.2 | 377.00 | OK | |||
r-oldrel-windows-x86_64 | 1.7.2 | 71.00 | 438.00 | 509.00 | OK |
Version: 1.7.2
Check: package dependencies
Result: ERROR
Packages required but not available: 'VariantAnnotation', 'rtracklayer'
See section ‘The DESCRIPTION file’ in the ‘Writing R Extensions’
manual.
Flavors: r-devel-linux-x86_64-debian-clang, r-devel-linux-x86_64-debian-gcc
Version: 1.7.2
Check: package dependencies
Result: ERROR
Package required but not available: ‘VariantAnnotation’
See section ‘The DESCRIPTION file’ in the ‘Writing R Extensions’
manual.
Flavor: r-oldrel-macos-arm64