Last updated on 2025-11-04 07:50:02 CET.
| Flavor | Version | Tinstall | Tcheck | Ttotal | Status | Flags | 
|---|---|---|---|---|---|---|
| r-devel-linux-x86_64-debian-clang | 2.0.1 | 8.81 | 62.83 | 71.64 | NOTE | |
| r-devel-linux-x86_64-debian-gcc | 2.0.1 | 5.17 | 45.57 | 50.74 | NOTE | |
| r-devel-linux-x86_64-fedora-clang | 2.0.1 | 16.00 | 96.22 | 112.22 | OK | |
| r-devel-linux-x86_64-fedora-gcc | 2.0.1 | 20.00 | 84.15 | 104.15 | OK | |
| r-devel-windows-x86_64 | 2.0.1 | 10.00 | 69.00 | 79.00 | OK | |
| r-patched-linux-x86_64 | 2.0.1 | 8.58 | 59.38 | 67.96 | OK | |
| r-release-linux-x86_64 | 2.0.1 | 7.91 | 58.38 | 66.29 | OK | |
| r-release-macos-arm64 | 2.0.1 | 4.00 | 26.00 | 30.00 | OK | |
| r-release-macos-x86_64 | 2.0.1 | 8.00 | 43.00 | 51.00 | OK | |
| r-release-windows-x86_64 | 2.0.1 | 11.00 | 67.00 | 78.00 | OK | |
| r-oldrel-macos-arm64 | 2.0.1 | 3.00 | 24.00 | 27.00 | OK | |
| r-oldrel-macos-x86_64 | 2.0.1 | 10.00 | 59.00 | 69.00 | OK | |
| r-oldrel-windows-x86_64 | 2.0.1 | 13.00 | 85.00 | 98.00 | OK | 
Version: 2.0.1
Check: CRAN incoming feasibility
Result: NOTE
  Maintainer: ‘Luca Belmonte <luca.belmonte@unimore.it>’
  
  No Authors@R field in DESCRIPTION.
  Please add one, modifying
    Authors@R: c(person(given = "Luca",
                        family = "Belmonte",
                        role = c("aut", "cre"),
                        email = "luca.belmonte@unimore.it"),
                 person(given = c("Sheref", "S."),
                        family = "Mansy",
                        role = "aut",
                        email = "sheref.mansy@unitn.it"))
  as necessary.
  
  Found the following \keyword or \concept entries
  which likely give several index terms:
    File ‘PdPDB.Rd’:
      \keyword{PDB,}
      \keyword{alignment,}
      \keyword{metal,}
      \keyword{metalloproteins,}
      \keyword{patterns,}
Flavors: r-devel-linux-x86_64-debian-clang, r-devel-linux-x86_64-debian-gcc