Last updated on 2025-11-25 07:50:04 CET.
| Flavor | Version | Tinstall | Tcheck | Ttotal | Status | Flags |
|---|---|---|---|---|---|---|
| r-devel-linux-x86_64-debian-clang | 2.0.1 | 21.19 | 106.54 | 127.73 | NOTE | |
| r-devel-linux-x86_64-debian-gcc | 2.0.1 | 12.50 | 75.90 | 88.40 | NOTE | |
| r-devel-linux-x86_64-fedora-clang | 2.0.1 | 43.00 | 171.39 | 214.39 | OK | |
| r-devel-linux-x86_64-fedora-gcc | 2.0.1 | 46.00 | 180.04 | 226.04 | OK | |
| r-devel-windows-x86_64 | 2.0.1 | 31.00 | 215.00 | 246.00 | OK | |
| r-patched-linux-x86_64 | 2.0.1 | 22.40 | 101.94 | 124.34 | OK | |
| r-release-linux-x86_64 | 2.0.1 | 18.97 | 102.00 | 120.97 | OK | |
| r-release-macos-arm64 | 2.0.1 | OK | ||||
| r-release-macos-x86_64 | 2.0.1 | 14.00 | 125.00 | 139.00 | OK | |
| r-release-windows-x86_64 | 2.0.1 | 27.00 | 245.00 | 272.00 | OK | |
| r-oldrel-macos-arm64 | 2.0.1 | OK | ||||
| r-oldrel-macos-x86_64 | 2.0.1 | 10.00 | 89.00 | 99.00 | OK | |
| r-oldrel-windows-x86_64 | 2.0.1 | 31.00 | 239.00 | 270.00 | OK |
Version: 2.0.1
Check: CRAN incoming feasibility
Result: NOTE
Maintainer: ‘Jing Peng <jing.peng@uconn.edu>’
No Authors@R field in DESCRIPTION.
Please add one, modifying
Authors@R: person(given = "Jing",
family = "Peng",
role = c("aut", "cre"),
email = "jing.peng@uconn.edu")
as necessary.
Flavors: r-devel-linux-x86_64-debian-clang, r-devel-linux-x86_64-debian-gcc