Last updated on 2025-02-22 12:50:45 CET.
Flavor | Version | Tinstall | Tcheck | Ttotal | Status | Flags |
---|---|---|---|---|---|---|
r-devel-linux-x86_64-debian-clang | 0.0.3 | 11.88 | 97.59 | 109.47 | NOTE | |
r-devel-linux-x86_64-debian-gcc | 0.0.3 | 9.42 | 67.48 | 76.90 | NOTE | |
r-devel-linux-x86_64-fedora-clang | 0.0.3 | 180.42 | NOTE | |||
r-devel-linux-x86_64-fedora-gcc | 0.0.3 | 163.59 | NOTE | |||
r-devel-macos-arm64 | 0.0.3 | 53.00 | OK | |||
r-devel-macos-x86_64 | 0.0.3 | 171.00 | OK | |||
r-devel-windows-x86_64 | 0.0.3 | 14.00 | 97.00 | 111.00 | NOTE | |
r-patched-linux-x86_64 | 0.0.3 | 19.41 | 87.88 | 107.29 | OK | |
r-release-linux-x86_64 | 0.0.3 | 10.21 | 87.35 | 97.56 | OK | |
r-release-macos-arm64 | 0.0.3 | 51.00 | OK | |||
r-release-macos-x86_64 | 0.0.3 | 78.00 | OK | |||
r-release-windows-x86_64 | 0.0.3 | 13.00 | 96.00 | 109.00 | OK | |
r-oldrel-macos-arm64 | 0.0.3 | 75.00 | OK | |||
r-oldrel-macos-x86_64 | 0.0.3 | 113.00 | OK | |||
r-oldrel-windows-x86_64 | 0.0.3 | 18.00 | 120.00 | 138.00 | OK |
Version: 0.0.3
Check: Rd cross-references
Result: NOTE
Found the following Rd file(s) with Rd \link{} targets missing package
anchors:
PWI.Rd: bibliometrix, convert2df
PWI2.Rd: convert2df
countries.Rd: biblioAnalysis
Please provide package anchors for all Rd \link{} targets not in the
package itself and the base packages.
Flavors: r-devel-linux-x86_64-debian-clang, r-devel-linux-x86_64-debian-gcc, r-devel-windows-x86_64
Version: 0.0.3
Check: dependencies in R code
Result: NOTE
Namespace in Imports field not imported from: ‘progressr’
All declared Imports should be used.
Flavors: r-devel-linux-x86_64-fedora-clang, r-devel-linux-x86_64-fedora-gcc