CRAN Package Check Results for Package PRISM.forecast

Last updated on 2025-02-21 13:50:59 CET.

Flavor Version Tinstall Tcheck Ttotal Status Flags
r-devel-linux-x86_64-debian-clang 0.2.1 2.82 27.46 30.28 OK
r-devel-linux-x86_64-debian-gcc 0.2.1 2.10 21.30 23.40 OK
r-devel-linux-x86_64-fedora-clang 0.2.1 46.97 OK
r-devel-linux-x86_64-fedora-gcc 0.2.1 45.98 OK
r-devel-macos-arm64 0.2.1 22.00 OK
r-devel-macos-x86_64 0.2.1 40.00 OK
r-devel-windows-x86_64 0.2.1 5.00 49.00 54.00 OK
r-patched-linux-x86_64 0.2.1 2.56 26.00 28.56 NOTE
r-release-linux-x86_64 0.2.1 2.41 25.92 28.33 NOTE
r-release-macos-arm64 0.2.1 19.00 NOTE
r-release-macos-x86_64 0.2.1 35.00 NOTE
r-release-windows-x86_64 0.2.1 6.00 47.00 53.00 NOTE
r-oldrel-macos-arm64 0.2.1 23.00 NOTE
r-oldrel-macos-x86_64 0.2.1 29.00 NOTE
r-oldrel-windows-x86_64 0.2.1 5.00 79.00 84.00 NOTE

Check Details

Version: 0.2.1
Check: LazyData
Result: NOTE 'LazyData' is specified without a 'data' directory Flavors: r-patched-linux-x86_64, r-release-linux-x86_64, r-release-macos-arm64, r-release-macos-x86_64, r-release-windows-x86_64, r-oldrel-macos-arm64, r-oldrel-macos-x86_64, r-oldrel-windows-x86_64